[Sat Jul 18 23:19:54.261706 2026] [security2:error] [pid 830701:tid 830936] [client 31.171.130.3:35043] ModSecurity: Access denied with code 406 (phase 1). Match of "ipMatch 127.0.0.1" against "REMOTE_ADDR" required. [file "/opt/mod_security/hg_rules.conf"] [line "1461"] [id "909116"] [msg "Golang default UA"] [hostname "autodiscover.genspagroup.com"] [uri "/wp-content/themes/txets.php"] [unique_id "alxeesu1nEoSSDHiOXbf3gAAAXM"]
[Sat Jul 18 23:19:54.274349 2026] [security2:error] [pid 830701:tid 830860] [client 31.171.130.52:46207] ModSecurity: Access denied with code 406 (phase 1). Match of "ipMatch 127.0.0.1" against "REMOTE_ADDR" required. [file "/opt/mod_security/hg_rules.conf"] [line "1461"] [id "909116"] [msg "Golang default UA"] [hostname "cpcontacts.genspagroup.com"] [uri "/txets.php"] [unique_id "alxeesu1nEoSSDHiOXbf4gAAASc"]
[Sat Jul 18 23:19:54.287727 2026] [security2:error] [pid 830701:tid 830881] [client 20.63.63.128:0] ModSecurity: Access denied with code 409 (phase 1). RBL lookup of 128.63.63.20.vulnscan.websitewelcome.com succeeded at REMOTE_ADDR. [file "/opt/mod_security/hg_rules.conf"] [line "1566"] [id "900933"] [msg "Vulnerability Scan RBL: vulnscan.websitewelcome.com"] [hostname "cpcontacts.luxuriaproperties.com"] [uri "/bthil.php"] [unique_id "alxeesu1nEoSSDHiOXbf4wAAATw"]
[Sat Jul 18 23:19:54.287850 2026] [security2:error] [pid 830701:tid 830881] [client 20.63.63.128:0] ModSecurity: Warning. Operator EQ matched 0 at REQUEST_HEADERS. [file "/opt/mod_security/hg_rules.conf"] [line "1573"] [id "900935"] [msg "Empty User-Agent LOGGING"] [data "409"] [hostname "cpcontacts.luxuriaproperties.com"] [uri "/bthil.php"] [unique_id "alxeesu1nEoSSDHiOXbf4wAAATw"]
[Sat Jul 18 23:19:54.297786 2026] [security2:error] [pid 830701:tid 830863] [client 31.171.130.46:61625] ModSecurity: Access denied with code 406 (phase 1). Match of "ipMatch 127.0.0.1" against "REMOTE_ADDR" required. [file "/opt/mod_security/hg_rules.conf"] [line "1461"] [id "909116"] [msg "Golang default UA"] [hostname "webdisk.genspagroup.com"] [uri "/wp-admin/css/index.php"] [unique_id "alxeesu1nEoSSDHiOXbf5gAAASo"]
[Sat Jul 18 23:19:54.332995 2026] [security2:error] [pid 830701:tid 830867] [client 31.171.130.12:56289] ModSecurity: Access denied with code 406 (phase 1). Match of "ipMatch 127.0.0.1" against "REMOTE_ADDR" required. [file "/opt/mod_security/hg_rules.conf"] [line "1461"] [id "909116"] [msg "Golang default UA"] [hostname "cpanel.genspagroup.com"] [uri "/style.php"] [unique_id "alxeesu1nEoSSDHiOXbf6gAAAS4"]
[Sat Jul 18 23:19:54.404854 2026] [security2:error] [pid 830701:tid 830899] [client 20.63.63.128:0] ModSecurity: Access denied with code 409 (phase 1). RBL lookup of 128.63.63.20.vulnscan.websitewelcome.com succeeded at REMOTE_ADDR. [file "/opt/mod_security/hg_rules.conf"] [line "1566"] [id "900933"] [msg "Vulnerability Scan RBL: vulnscan.websitewelcome.com"] [hostname "cpcontacts.luxuriaproperties.com"] [uri "/hplfuns.php"] [unique_id "alxeesu1nEoSSDHiOXbf7AAAAU4"]
[Sat Jul 18 23:19:54.404952 2026] [security2:error] [pid 830701:tid 830899] [client 20.63.63.128:0] ModSecurity: Warning. Operator EQ matched 0 at REQUEST_HEADERS. [file "/opt/mod_security/hg_rules.conf"] [line "1573"] [id "900935"] [msg "Empty User-Agent LOGGING"] [data "409"] [hostname "cpcontacts.luxuriaproperties.com"] [uri "/hplfuns.php"] [unique_id "alxeesu1nEoSSDHiOXbf7AAAAU4"]
[Sat Jul 18 23:19:54.521308 2026] [security2:error] [pid 830701:tid 830840] [client 20.63.63.128:0] ModSecurity: Access denied with code 409 (phase 1). RBL lookup of 128.63.63.20.vulnscan.websitewelcome.com succeeded at REMOTE_ADDR. [file "/opt/mod_security/hg_rules.conf"] [line "1566"] [id "900933"] [msg "Vulnerability Scan RBL: vulnscan.websitewelcome.com"] [hostname "cpcontacts.luxuriaproperties.com"] [uri "/error.php"] [unique_id "alxeesu1nEoSSDHiOXbf8QAAARM"]
[Sat Jul 18 23:19:54.521425 2026] [security2:error] [pid 830701:tid 830840] [client 20.63.63.128:0] ModSecurity: Warning. Operator EQ matched 0 at REQUEST_HEADERS. [file "/opt/mod_security/hg_rules.conf"] [line "1573"] [id "900935"] [msg "Empty User-Agent LOGGING"] [data "409"] [hostname "cpcontacts.luxuriaproperties.com"] [uri "/error.php"] [unique_id "alxeesu1nEoSSDHiOXbf8QAAARM"]
[Sat Jul 18 23:19:54.563011 2026] [security2:error] [pid 830701:tid 830871] [client 31.171.130.41:41293] ModSecurity: Access denied with code 406 (phase 1). Match of "ipMatch 127.0.0.1" against "REMOTE_ADDR" required. [file "/opt/mod_security/hg_rules.conf"] [line "1461"] [id "909116"] [msg "Golang default UA"] [hostname "mail.genspagroup.com"] [uri "/style.php"] [unique_id "alxeesu1nEoSSDHiOXbf9AAAATI"]
[Sat Jul 18 23:19:54.571187 2026] [security2:error] [pid 830701:tid 830841] [client 128.201.41.59:0] ModSecurity: Warning. Pattern match "301|404|302" at RESPONSE_STATUS. [file "/opt/mod_security/hg_rules.conf"] [line "1570"] [id "900934"] [msg "404 php LOGGING"] [data "404"] [hostname "healthylifegourmet.org"] [uri "/index.php"] [unique_id "alxeeMu1nEoSSDHiOXbfOwAAARQ"]
[Sat Jul 18 23:19:54.637141 2026] [security2:error] [pid 830701:tid 830901] [client 20.63.63.128:0] ModSecurity: Access denied with code 409 (phase 1). RBL lookup of 128.63.63.20.vulnscan.websitewelcome.com succeeded at REMOTE_ADDR. [file "/opt/mod_security/hg_rules.conf"] [line "1566"] [id "900933"] [msg "Vulnerability Scan RBL: vulnscan.websitewelcome.com"] [hostname "cpcontacts.luxuriaproperties.com"] [uri "/edit.php"] [unique_id "alxeesu1nEoSSDHiOXbf9gAAAVA"]
[Sat Jul 18 23:19:54.637240 2026] [security2:error] [pid 830701:tid 830901] [client 20.63.63.128:0] ModSecurity: Warning. Operator EQ matched 0 at REQUEST_HEADERS. [file "/opt/mod_security/hg_rules.conf"] [line "1573"] [id "900935"] [msg "Empty User-Agent LOGGING"] [data "409"] [hostname "cpcontacts.luxuriaproperties.com"] [uri "/edit.php"] [unique_id "alxeesu1nEoSSDHiOXbf9gAAAVA"]
[Sat Jul 18 23:19:54.776664 2026] [security2:error] [pid 830701:tid 830886] [client 20.63.63.128:0] ModSecurity: Access denied with code 409 (phase 1). RBL lookup of 128.63.63.20.vulnscan.websitewelcome.com succeeded at REMOTE_ADDR. [file "/opt/mod_security/hg_rules.conf"] [line "1566"] [id "900933"] [msg "Vulnerability Scan RBL: vulnscan.websitewelcome.com"] [hostname "cpcontacts.luxuriaproperties.com"] [uri "/pass4.php"] [unique_id "alxeesu1nEoSSDHiOXbgAgAAAUE"]
[Sat Jul 18 23:19:54.776766 2026] [security2:error] [pid 830701:tid 830886] [client 20.63.63.128:0] ModSecurity: Warning. Operator EQ matched 0 at REQUEST_HEADERS. [file "/opt/mod_security/hg_rules.conf"] [line "1573"] [id "900935"] [msg "Empty User-Agent LOGGING"] [data "409"] [hostname "cpcontacts.luxuriaproperties.com"] [uri "/pass4.php"] [unique_id "alxeesu1nEoSSDHiOXbgAgAAAUE"]
[Sat Jul 18 23:19:54.893215 2026] [security2:error] [pid 830701:tid 830928] [client 20.63.63.128:0] ModSecurity: Access denied with code 409 (phase 1). RBL lookup of 128.63.63.20.vulnscan.websitewelcome.com succeeded at REMOTE_ADDR. [file "/opt/mod_security/hg_rules.conf"] [line "1566"] [id "900933"] [msg "Vulnerability Scan RBL: vulnscan.websitewelcome.com"] [hostname "cpcontacts.luxuriaproperties.com"] [uri "/sadcut1.php"] [unique_id "alxeesu1nEoSSDHiOXbgDgAAAWs"]
[Sat Jul 18 23:19:54.893321 2026] [security2:error] [pid 830701:tid 830928] [client 20.63.63.128:0] ModSecurity: Warning. Operator EQ matched 0 at REQUEST_HEADERS. [file "/opt/mod_security/hg_rules.conf"] [line "1573"] [id "900935"] [msg "Empty User-Agent LOGGING"] [data "409"] [hostname "cpcontacts.luxuriaproperties.com"] [uri "/sadcut1.php"] [unique_id "alxeesu1nEoSSDHiOXbgDgAAAWs"]
[Sat Jul 18 23:19:54.915348 2026] [security2:error] [pid 830701:tid 830936] [client 31.171.130.23:60285] ModSecurity: Access denied with code 406 (phase 1). Match of "ipMatch 127.0.0.1" against "REMOTE_ADDR" required. [file "/opt/mod_security/hg_rules.conf"] [line "1461"] [id "909116"] [msg "Golang default UA"] [hostname "webdisk.genspagroup.com"] [uri "/wp-content/plugins/index.php"] [unique_id "alxeesu1nEoSSDHiOXbgEAAAAXM"]
[Sat Jul 18 23:19:54.915494 2026] [security2:error] [pid 830701:tid 830875] [client 31.171.130.2:35945] ModSecurity: Access denied with code 406 (phase 1). Match of "ipMatch 127.0.0.1" against "REMOTE_ADDR" required. [file "/opt/mod_security/hg_rules.conf"] [line "1461"] [id "909116"] [msg "Golang default UA"] [hostname "cpcontacts.genspagroup.com"] [uri "/wp-content/themes/txets.php"] [unique_id "alxeesu1nEoSSDHiOXbgEQAAATY"]
[Sat Jul 18 23:19:54.918093 2026] [security2:error] [pid 830701:tid 830917] [client 31.171.130.39:31009] ModSecurity: Access denied with code 406 (phase 1). Match of "ipMatch 127.0.0.1" against "REMOTE_ADDR" required. [file "/opt/mod_security/hg_rules.conf"] [line "1461"] [id "909116"] [msg "Golang default UA"] [hostname "autodiscover.genspagroup.com"] [uri "/wp-admin/txets.php"] [unique_id "alxeesu1nEoSSDHiOXbgEgAAAWA"]
[Sat Jul 18 23:19:54.918953 2026] [security2:error] [pid 830701:tid 830834] [client 31.171.130.40:48039] ModSecurity: Access denied with code 406 (phase 1). Match of "ipMatch 127.0.0.1" against "REMOTE_ADDR" required. [file "/opt/mod_security/hg_rules.conf"] [line "1461"] [id "909116"] [msg "Golang default UA"] [hostname "webmail.genspagroup.com"] [uri "/wp-includes/txets.php"] [unique_id "alxeesu1nEoSSDHiOXbgFAAAAQ0"]
[Sat Jul 18 23:19:55.009913 2026] [security2:error] [pid 830701:tid 830914] [client 20.63.63.128:0] ModSecurity: Access denied with code 409 (phase 1). RBL lookup of 128.63.63.20.vulnscan.websitewelcome.com succeeded at REMOTE_ADDR. [file "/opt/mod_security/hg_rules.conf"] [line "1566"] [id "900933"] [msg "Vulnerability Scan RBL: vulnscan.websitewelcome.com"] [hostname "cpcontacts.luxuriaproperties.com"] [uri "/bgymj.php"] [unique_id "alxee8u1nEoSSDHiOXbgGAAAAV0"]
[Sat Jul 18 23:19:55.010016 2026] [security2:error] [pid 830701:tid 830914] [client 20.63.63.128:0] ModSecurity: Warning. Operator EQ matched 0 at REQUEST_HEADERS. [file "/opt/mod_security/hg_rules.conf"] [line "1573"] [id "900935"] [msg "Empty User-Agent LOGGING"] [data "409"] [hostname "cpcontacts.luxuriaproperties.com"] [uri "/bgymj.php"] [unique_id "alxee8u1nEoSSDHiOXbgGAAAAV0"]
[Sat Jul 18 23:19:55.126310 2026] [security2:error] [pid 830701:tid 830853] [client 20.63.63.128:0] ModSecurity: Access denied with code 409 (phase 1). RBL lookup of 128.63.63.20.vulnscan.websitewelcome.com succeeded at REMOTE_ADDR. [file "/opt/mod_security/hg_rules.conf"] [line "1566"] [id "900933"] [msg "Vulnerability Scan RBL: vulnscan.websitewelcome.com"] [hostname "cpcontacts.luxuriaproperties.com"] [uri "/yas.php"] [unique_id "alxee8u1nEoSSDHiOXbgHwAAASA"]
[Sat Jul 18 23:19:55.126398 2026] [security2:error] [pid 830701:tid 830853] [client 20.63.63.128:0] ModSecurity: Warning. Operator EQ matched 0 at REQUEST_HEADERS. [file "/opt/mod_security/hg_rules.conf"] [line "1573"] [id "900935"] [msg "Empty User-Agent LOGGING"] [data "409"] [hostname "cpcontacts.luxuriaproperties.com"] [uri "/yas.php"] [unique_id "alxee8u1nEoSSDHiOXbgHwAAASA"]
[Sat Jul 18 23:19:55.242316 2026] [security2:error] [pid 830701:tid 830869] [client 20.63.63.128:0] ModSecurity: Access denied with code 409 (phase 1). RBL lookup of 128.63.63.20.vulnscan.websitewelcome.com succeeded at REMOTE_ADDR. [file "/opt/mod_security/hg_rules.conf"] [line "1566"] [id "900933"] [msg "Vulnerability Scan RBL: vulnscan.websitewelcome.com"] [hostname "cpcontacts.luxuriaproperties.com"] [uri "/dx.php"] [unique_id "alxee8u1nEoSSDHiOXbgJQAAATA"]
[Sat Jul 18 23:19:55.242402 2026] [security2:error] [pid 830701:tid 830869] [client 20.63.63.128:0] ModSecurity: Warning. Operator EQ matched 0 at REQUEST_HEADERS. [file "/opt/mod_security/hg_rules.conf"] [line "1573"] [id "900935"] [msg "Empty User-Agent LOGGING"] [data "409"] [hostname "cpcontacts.luxuriaproperties.com"] [uri "/dx.php"] [unique_id "alxee8u1nEoSSDHiOXbgJQAAATA"]
[Sat Jul 18 23:19:55.366593 2026] [security2:error] [pid 830701:tid 830878] [client 20.63.63.128:0] ModSecurity: Access denied with code 409 (phase 1). RBL lookup of 128.63.63.20.vulnscan.websitewelcome.com succeeded at REMOTE_ADDR. [file "/opt/mod_security/hg_rules.conf"] [line "1566"] [id "900933"] [msg "Vulnerability Scan RBL: vulnscan.websitewelcome.com"] [hostname "cpcontacts.luxuriaproperties.com"] [uri "/yellow.php"] [unique_id "alxee8u1nEoSSDHiOXbgNQAAATk"]
[Sat Jul 18 23:19:55.366680 2026] [security2:error] [pid 830701:tid 830878] [client 20.63.63.128:0] ModSecurity: Warning. Operator EQ matched 0 at REQUEST_HEADERS. [file "/opt/mod_security/hg_rules.conf"] [line "1573"] [id "900935"] [msg "Empty User-Agent LOGGING"] [data "409"] [hostname "cpcontacts.luxuriaproperties.com"] [uri "/yellow.php"] [unique_id "alxee8u1nEoSSDHiOXbgNQAAATk"]
[Sat Jul 18 23:19:55.396555 2026] [security2:error] [pid 830701:tid 830953] [client 31.171.130.6:25801] ModSecurity: Access denied with code 406 (phase 1). Match of "ipMatch 127.0.0.1" against "REMOTE_ADDR" required. [file "/opt/mod_security/hg_rules.conf"] [line "1461"] [id "909116"] [msg "Golang default UA"] [hostname "webdisk.genspagroup.com"] [uri "/wp-content/index.php"] [unique_id "alxee8u1nEoSSDHiOXbgNwAAAYQ"]
[Sat Jul 18 23:19:55.396962 2026] [security2:error] [pid 830701:tid 830836] [client 31.171.130.23:21413] ModSecurity: Access denied with code 406 (phase 1). Match of "ipMatch 127.0.0.1" against "REMOTE_ADDR" required. [file "/opt/mod_security/hg_rules.conf"] [line "1461"] [id "909116"] [msg "Golang default UA"] [hostname "webmail.genspagroup.com"] [uri "/goods.php"] [unique_id "alxee8u1nEoSSDHiOXbgOAAAAQ8"]
[Sat Jul 18 23:19:55.482664 2026] [security2:error] [pid 830701:tid 830957] [client 20.63.63.128:0] ModSecurity: Access denied with code 409 (phase 1). RBL lookup of 128.63.63.20.vulnscan.websitewelcome.com succeeded at REMOTE_ADDR. [file "/opt/mod_security/hg_rules.conf"] [line "1566"] [id "900933"] [msg "Vulnerability Scan RBL: vulnscan.websitewelcome.com"] [hostname "cpcontacts.luxuriaproperties.com"] [uri "/wp-der.php"] [unique_id "alxee8u1nEoSSDHiOXbgOgAAAYg"]
[Sat Jul 18 23:19:55.482791 2026] [security2:error] [pid 830701:tid 830957] [client 20.63.63.128:0] ModSecurity: Warning. Operator EQ matched 0 at REQUEST_HEADERS. [file "/opt/mod_security/hg_rules.conf"] [line "1573"] [id "900935"] [msg "Empty User-Agent LOGGING"] [data "409"] [hostname "cpcontacts.luxuriaproperties.com"] [uri "/wp-der.php"] [unique_id "alxee8u1nEoSSDHiOXbgOgAAAYg"]
[Sat Jul 18 23:19:55.599191 2026] [security2:error] [pid 830701:tid 830917] [client 20.63.63.128:0] ModSecurity: Access denied with code 409 (phase 1). RBL lookup of 128.63.63.20.vulnscan.websitewelcome.com succeeded at REMOTE_ADDR. [file "/opt/mod_security/hg_rules.conf"] [line "1566"] [id "900933"] [msg "Vulnerability Scan RBL: vulnscan.websitewelcome.com"] [hostname "cpcontacts.luxuriaproperties.com"] [uri "/lala.php"] [unique_id "alxee8u1nEoSSDHiOXbgPwAAAWA"]
[Sat Jul 18 23:19:55.599292 2026] [security2:error] [pid 830701:tid 830917] [client 20.63.63.128:0] ModSecurity: Warning. Operator EQ matched 0 at REQUEST_HEADERS. [file "/opt/mod_security/hg_rules.conf"] [line "1573"] [id "900935"] [msg "Empty User-Agent LOGGING"] [data "409"] [hostname "cpcontacts.luxuriaproperties.com"] [uri "/lala.php"] [unique_id "alxee8u1nEoSSDHiOXbgPwAAAWA"]
[Sat Jul 18 23:19:55.698491 2026] [security2:error] [pid 830701:tid 830865] [client 31.171.130.45:27779] ModSecurity: Access denied with code 406 (phase 1). Match of "ipMatch 127.0.0.1" against "REMOTE_ADDR" required. [file "/opt/mod_security/hg_rules.conf"] [line "1461"] [id "909116"] [msg "Golang default UA"] [hostname "cpcalendars.genspagroup.com"] [uri "/wp-editor.php"] [unique_id "alxee8u1nEoSSDHiOXbgQgAAASw"]
[Sat Jul 18 23:19:55.715169 2026] [security2:error] [pid 830701:tid 830939] [client 20.63.63.128:0] ModSecurity: Access denied with code 409 (phase 1). RBL lookup of 128.63.63.20.vulnscan.websitewelcome.com succeeded at REMOTE_ADDR. [file "/opt/mod_security/hg_rules.conf"] [line "1566"] [id "900933"] [msg "Vulnerability Scan RBL: vulnscan.websitewelcome.com"] [hostname "cpcontacts.luxuriaproperties.com"] [uri "/aa.php"] [unique_id "alxee8u1nEoSSDHiOXbgQwAAAXY"]
[Sat Jul 18 23:19:55.715274 2026] [security2:error] [pid 830701:tid 830939] [client 20.63.63.128:0] ModSecurity: Warning. Operator EQ matched 0 at REQUEST_HEADERS. [file "/opt/mod_security/hg_rules.conf"] [line "1573"] [id "900935"] [msg "Empty User-Agent LOGGING"] [data "409"] [hostname "cpcontacts.luxuriaproperties.com"] [uri "/aa.php"] [unique_id "alxee8u1nEoSSDHiOXbgQwAAAXY"]
[Sat Jul 18 23:19:55.776427 2026] [security2:error] [pid 830701:tid 830914] [client 31.171.130.13:62761] ModSecurity: Access denied with code 406 (phase 1). Match of "ipMatch 127.0.0.1" against "REMOTE_ADDR" required. [file "/opt/mod_security/hg_rules.conf"] [line "1461"] [id "909116"] [msg "Golang default UA"] [hostname "genspagroup.com"] [uri "/wp-editor.php"] [unique_id "alxee8u1nEoSSDHiOXbgRwAAAV0"]
[Sat Jul 18 23:19:55.878477 2026] [security2:error] [pid 830701:tid 830882] [client 31.171.130.22:36523] ModSecurity: Access denied with code 406 (phase 1). Match of "ipMatch 127.0.0.1" against "REMOTE_ADDR" required. [file "/opt/mod_security/hg_rules.conf"] [line "1461"] [id "909116"] [msg "Golang default UA"] [hostname "webmail.genspagroup.com"] [uri "/wp-editor.php"] [unique_id "alxee8u1nEoSSDHiOXbgUgAAAT0"]
[Sat Jul 18 23:19:55.878782 2026] [security2:error] [pid 830701:tid 830832] [client 31.171.130.38:54635] ModSecurity: Access denied with code 406 (phase 1). Match of "ipMatch 127.0.0.1" against "REMOTE_ADDR" required. [file "/opt/mod_security/hg_rules.conf"] [line "1461"] [id "909116"] [msg "Golang default UA"] [hostname "webdisk.genspagroup.com"] [uri "/ioxi-o.php"] [unique_id "alxee8u1nEoSSDHiOXbgUwAAAQs"]
[Sat Jul 18 23:19:56.282720 2026] [security2:error] [pid 830701:tid 830878] [client 31.171.130.8:64263] ModSecurity: Access denied with code 406 (phase 1). Match of "ipMatch 127.0.0.1" against "REMOTE_ADDR" required. [file "/opt/mod_security/hg_rules.conf"] [line "1461"] [id "909116"] [msg "Golang default UA"] [hostname "genspagroup.com"] [uri "/lufix.php"] [unique_id "alxefMu1nEoSSDHiOXbgawAAATk"]
[Sat Jul 18 23:19:56.385674 2026] [security2:error] [pid 830701:tid 830893] [client 31.171.130.15:42761] ModSecurity: Access denied with code 406 (phase 1). Match of "ipMatch 127.0.0.1" against "REMOTE_ADDR" required. [file "/opt/mod_security/hg_rules.conf"] [line "1461"] [id "909116"] [msg "Golang default UA"] [hostname "webmail.genspagroup.com"] [uri "/lufix.php"] [unique_id "alxefMu1nEoSSDHiOXbgcgAAAUg"]
[Sat Jul 18 23:19:56.404675 2026] [security2:error] [pid 830701:tid 830895] [client 31.171.130.1:64339] ModSecurity: Access denied with code 406 (phase 1). Match of "ipMatch 127.0.0.1" against "REMOTE_ADDR" required. [file "/opt/mod_security/hg_rules.conf"] [line "1461"] [id "909116"] [msg "Golang default UA"] [hostname "webdisk.genspagroup.com"] [uri "/insc.php"] [unique_id "alxefMu1nEoSSDHiOXbgcwAAAUo"]
[Sat Jul 18 23:19:56.480290 2026] [security2:error] [pid 830701:tid 830834] [client 31.171.130.1:47561] ModSecurity: Access denied with code 406 (phase 1). Match of "ipMatch 127.0.0.1" against "REMOTE_ADDR" required. [file "/opt/mod_security/hg_rules.conf"] [line "1461"] [id "909116"] [msg "Golang default UA"] [hostname "cpcontacts.genspagroup.com"] [uri "/wp-admin/txets.php"] [unique_id "alxefMu1nEoSSDHiOXbgfgAAAQ0"]
[Sat Jul 18 23:19:56.564576 2026] [security2:error] [pid 830701:tid 830867] [client 31.171.130.48:37801] ModSecurity: Access denied with code 406 (phase 1). Match of "ipMatch 127.0.0.1" against "REMOTE_ADDR" required. [file "/opt/mod_security/hg_rules.conf"] [line "1461"] [id "909116"] [msg "Golang default UA"] [hostname "autodiscover.genspagroup.com"] [uri "/wp-includes/txets.php"] [unique_id "alxefMu1nEoSSDHiOXbghQAAAS4"]
[Sat Jul 18 23:19:56.640764 2026] [security2:error] [pid 830701:tid 830958] [client 223.228.182.224:53150] ModSecurity: Access denied with code 409 (phase 1). RBL lookup of 224.182.228.223.testwprbl.websitewelcome.com succeeded at REMOTE_ADDR. [file "/opt/mod_security/hg_rules.conf"] [line "176"] [id "900407"] [msg "Wordpress and Joomla Brute RBL: testwprbl.websitewelcome.com"] [hostname "lmgorman.com"] [uri "/xmlrpc.php"] [unique_id "alxefMu1nEoSSDHiOXbgigAAAYk"]
[Sat Jul 18 23:19:56.640891 2026] [security2:error] [pid 830701:tid 830958] [client 223.228.182.224:53150] ModSecurity: Warning. Pattern match "POST" at REQUEST_METHOD. [file "/opt/mod_security/hg_rules.conf"] [line "151"] [id "900405"] [msg "xmlrpc POST logging"] [data "409"] [hostname "lmgorman.com"] [uri "/xmlrpc.php"] [unique_id "alxefMu1nEoSSDHiOXbgigAAAYk"]
[Sat Jul 18 23:19:56.683862 2026] [security2:error] [pid 830701:tid 830954] [client 104.207.59.118:65345] ModSecurity: Access denied with code 409 (phase 1). RBL lookup of 118.59.207.104.testwprbl.websitewelcome.com succeeded at REMOTE_ADDR. [file "/opt/mod_security/hg_rules.conf"] [line "176"] [id "900407"] [msg "Wordpress and Joomla Brute RBL: testwprbl.websitewelcome.com"] [hostname "cathyspeed.org"] [uri "/wp-login.php"] [unique_id "alxefMu1nEoSSDHiOXbgiwAAAYU"], referer: https://cathyspeed.org/wp-login.php
[Sat Jul 18 23:19:56.803423 2026] [security2:error] [pid 830701:tid 830904] [client 31.171.130.11:29597] ModSecurity: Access denied with code 406 (phase 1). Match of "ipMatch 127.0.0.1" against "REMOTE_ADDR" required. [file "/opt/mod_security/hg_rules.conf"] [line "1461"] [id "909116"] [msg "Golang default UA"] [hostname "genspagroup.com"] [uri "/style.php"] [unique_id "alxefMu1nEoSSDHiOXbglQAAAVM"]
[Sat Jul 18 23:19:56.917314 2026] [security2:error] [pid 830701:tid 830876] [client 31.171.130.2:57147] ModSecurity: Access denied with code 406 (phase 1). Match of "ipMatch 127.0.0.1" against "REMOTE_ADDR" required. [file "/opt/mod_security/hg_rules.conf"] [line "1461"] [id "909116"] [msg "Golang default UA"] [hostname "webdisk.genspagroup.com"] [uri "/classwithtostring.php"] [unique_id "alxefMu1nEoSSDHiOXbgpAAAATc"]
[Sat Jul 18 23:19:56.985371 2026] [security2:error] [pid 830701:tid 830787] [remote 117.0.21.154:51744] ModSecurity: Access denied with code 409 (phase 1). RBL lookup of 154.21.0.117.testwprbl.websitewelcome.com succeeded at REMOTE_ADDR. [file "/opt/mod_security/hg_rules.conf"] [line "176"] [id "900407"] [msg "Wordpress and Joomla Brute RBL: testwprbl.websitewelcome.com"] [hostname "aosta.nz.dbn.vkf.mybluehost.me"] [uri "/xmlrpc.php"] [unique_id "alxefMu1nEoSSDHiOXbgrwABWlU"]
[Sat Jul 18 23:19:56.985547 2026] [security2:error] [pid 830701:tid 830911] [client 117.0.21.154:51744] ModSecurity: Warning. Pattern match "POST" at REQUEST_METHOD. [file "/opt/mod_security/hg_rules.conf"] [line "151"] [id "900405"] [msg "xmlrpc POST logging"] [data "409"] [hostname "aosta.nz.dbn.vkf.mybluehost.me"] [uri "/xmlrpc.php"] [unique_id "alxefMu1nEoSSDHiOXbgrwABWlU"]
[Sat Jul 18 23:19:57.008714 2026] [security2:error] [pid 830701:tid 830836] [client 31.171.130.38:29115] ModSecurity: Access denied with code 406 (phase 1). Match of "ipMatch 127.0.0.1" against "REMOTE_ADDR" required. [file "/opt/mod_security/hg_rules.conf"] [line "1461"] [id "909116"] [msg "Golang default UA"] [hostname "cpcontacts.genspagroup.com"] [uri "/wp-includes/txets.php"] [unique_id "alxefcu1nEoSSDHiOXbgtAAAAQ8"]
[Sat Jul 18 23:19:57.089817 2026] [security2:error] [pid 830701:tid 830877] [client 31.171.130.43:32773] ModSecurity: Access denied with code 406 (phase 1). Match of "ipMatch 127.0.0.1" against "REMOTE_ADDR" required. [file "/opt/mod_security/hg_rules.conf"] [line "1461"] [id "909116"] [msg "Golang default UA"] [hostname "autodiscover.genspagroup.com"] [uri "/goods.php"] [unique_id "alxefcu1nEoSSDHiOXbguQAAATg"]
[Sat Jul 18 23:19:57.129822 2026] [security2:error] [pid 830701:tid 830822] [remote 142.93.10.93:59960] ModSecurity: Access denied with code 409 (phase 1). RBL lookup of 93.10.93.142.testwprbl.websitewelcome.com succeeded at REMOTE_ADDR. [file "/opt/mod_security/hg_rules.conf"] [line "176"] [id "900407"] [msg "Wordpress and Joomla Brute RBL: testwprbl.websitewelcome.com"] [hostname "tee.qtw.mybluehost.me"] [uri "/wp-login.php"] [unique_id "alxefcu1nEoSSDHiOXbguwABVXg"]
[Sat Jul 18 23:19:57.294531 2026] [security2:error] [pid 830701:tid 830731] [remote 142.93.10.93:59960] ModSecurity: Access denied with code 409 (phase 1). RBL lookup of 93.10.93.142.testwprbl.websitewelcome.com succeeded at REMOTE_ADDR. [file "/opt/mod_security/hg_rules.conf"] [line "176"] [id "900407"] [msg "Wordpress and Joomla Brute RBL: testwprbl.websitewelcome.com"] [hostname "tee.qtw.mybluehost.me"] [uri "/wp-login.php"] [unique_id "alxefcu1nEoSSDHiOXbgxwABaR0"], referer: https://tee.qtw.mybluehost.me/wp-login.php
[Sat Jul 18 23:19:57.297198 2026] [security2:error] [pid 830701:tid 830938] [client 118.148.194.170:0] ModSecurity: Warning. Pattern match "301|404|302" at RESPONSE_STATUS. [file "/opt/mod_security/hg_rules.conf"] [line "1570"] [id "900934"] [msg "404 php LOGGING"] [data "301"] [hostname "origine.nz"] [uri "/index.php"] [unique_id "alxefMu1nEoSSDHiOXbgqQABdUc"], referer: https://origine.nz/
[Sat Jul 18 23:19:57.309324 2026] [security2:error] [pid 830701:tid 830922] [client 45.3.45.63:10903] ModSecurity: Access denied with code 409 (phase 1). RBL lookup of 63.45.3.45.testwprbl.websitewelcome.com succeeded at REMOTE_ADDR. [file "/opt/mod_security/hg_rules.conf"] [line "176"] [id "900407"] [msg "Wordpress and Joomla Brute RBL: testwprbl.websitewelcome.com"] [hostname "cathyspeed.org"] [uri "/wp-login.php"] [unique_id "alxefcu1nEoSSDHiOXbgwwAAAWU"], referer: https://cathyspeed.org/wp-login.php
[Sat Jul 18 23:19:57.350739 2026] [security2:error] [pid 830701:tid 830882] [client 31.171.130.52:53199] ModSecurity: Access denied with code 406 (phase 1). Match of "ipMatch 127.0.0.1" against "REMOTE_ADDR" required. [file "/opt/mod_security/hg_rules.conf"] [line "1461"] [id "909116"] [msg "Golang default UA"] [hostname "cpcalendars.genspagroup.com"] [uri "/lufix.php"] [unique_id "alxefcu1nEoSSDHiOXbgzQAAAT0"]
[Sat Jul 18 23:19:57.492613 2026] [security2:error] [pid 830701:tid 830930] [client 31.171.130.41:50965] ModSecurity: Access denied with code 406 (phase 1). Match of "ipMatch 127.0.0.1" against "REMOTE_ADDR" required. [file "/opt/mod_security/hg_rules.conf"] [line "1461"] [id "909116"] [msg "Golang default UA"] [hostname "webdisk.genspagroup.com"] [uri "/txets.php"] [unique_id "alxefcu1nEoSSDHiOXbg1wAAAW0"]
[Sat Jul 18 23:19:57.564980 2026] [security2:error] [pid 830701:tid 830948] [client 31.171.130.18:59521] ModSecurity: Access denied with code 406 (phase 1). Match of "ipMatch 127.0.0.1" against "REMOTE_ADDR" required. [file "/opt/mod_security/hg_rules.conf"] [line "1461"] [id "909116"] [msg "Golang default UA"] [hostname "cpcontacts.genspagroup.com"] [uri "/goods.php"] [unique_id "alxefcu1nEoSSDHiOXbg3AAAAX8"]
[Sat Jul 18 23:19:57.694430 2026] [security2:error] [pid 830701:tid 830886] [client 74.7.230.58:46610] ModSecurity: Warning. Matched phrase "oBot" at REQUEST_HEADERS:User-Agent. [file "/opt/mod_security/hg_rules.conf"] [line "168"] [id "350001"] [msg "BAD BOT - Detected LOGGING"] [data "200"] [hostname "sergnotes.com"] [uri "/robots.txt"] [unique_id "alxefcu1nEoSSDHiOXbg3wABQRQ"]
[Sat Jul 18 23:19:57.754526 2026] [security2:error] [pid 830701:tid 830928] [client 223.185.61.63:22780] ModSecurity: Access denied with code 409 (phase 1). RBL lookup of 63.61.185.223.testwprbl.websitewelcome.com succeeded at REMOTE_ADDR. [file "/opt/mod_security/hg_rules.conf"] [line "176"] [id "900407"] [msg "Wordpress and Joomla Brute RBL: testwprbl.websitewelcome.com"] [hostname "lizrichter.com.au"] [uri "/xmlrpc.php"] [unique_id "alxefcu1nEoSSDHiOXbg6wAAAWs"]
[Sat Jul 18 23:19:57.754640 2026] [security2:error] [pid 830701:tid 830928] [client 223.185.61.63:22780] ModSecurity: Warning. Pattern match "POST" at REQUEST_METHOD. [file "/opt/mod_security/hg_rules.conf"] [line "151"] [id "900405"] [msg "xmlrpc POST logging"] [data "409"] [hostname "lizrichter.com.au"] [uri "/xmlrpc.php"] [unique_id "alxefcu1nEoSSDHiOXbg6wAAAWs"]
[Sat Jul 18 23:19:57.942629 2026] [security2:error] [pid 830701:tid 830931] [client 31.171.130.12:50711] ModSecurity: Access denied with code 406 (phase 1). Match of "ipMatch 127.0.0.1" against "REMOTE_ADDR" required. [file "/opt/mod_security/hg_rules.conf"] [line "1461"] [id "909116"] [msg "Golang default UA"] [hostname "webmail.genspagroup.com"] [uri "/style.php"] [unique_id "alxefcu1nEoSSDHiOXbg8gAAAW4"]
[Sat Jul 18 23:19:57.978555 2026] [security2:error] [pid 830701:tid 830925] [client 31.171.130.51:56529] ModSecurity: Access denied with code 406 (phase 1). Match of "ipMatch 127.0.0.1" against "REMOTE_ADDR" required. [file "/opt/mod_security/hg_rules.conf"] [line "1461"] [id "909116"] [msg "Golang default UA"] [hostname "webdisk.genspagroup.com"] [uri "/wp-content/themes/txets.php"] [unique_id "alxefcu1nEoSSDHiOXbg9QAAAWg"]
[Sat Jul 18 23:19:58.041156 2026] [security2:error] [pid 830701:tid 830867] [client 31.171.130.1:24513] ModSecurity: Access denied with code 406 (phase 1). Match of "ipMatch 127.0.0.1" against "REMOTE_ADDR" required. [file "/opt/mod_security/hg_rules.conf"] [line "1461"] [id "909116"] [msg "Golang default UA"] [hostname "cpcontacts.genspagroup.com"] [uri "/wp-editor.php"] [unique_id "alxefsu1nEoSSDHiOXbg-gAAAS4"]
[Sat Jul 18 23:19:58.401913 2026] [security2:error] [pid 830701:tid 830763] [remote 188.138.102.156:33842] ModSecurity: Access denied with code 409 (phase 1). RBL lookup of 156.102.138.188.testwprbl.websitewelcome.com succeeded at REMOTE_ADDR. [file "/opt/mod_security/hg_rules.conf"] [line "176"] [id "900407"] [msg "Wordpress and Joomla Brute RBL: testwprbl.websitewelcome.com"] [hostname "bluedoorbar.co.nz"] [uri "/wp-login.php"] [unique_id "alxefsu1nEoSSDHiOXbhDwABiT0"]
[Sat Jul 18 23:19:58.452048 2026] [security2:error] [pid 830701:tid 830885] [client 31.171.130.28:48139] ModSecurity: Access denied with code 406 (phase 1). Match of "ipMatch 127.0.0.1" against "REMOTE_ADDR" required. [file "/opt/mod_security/hg_rules.conf"] [line "1461"] [id "909116"] [msg "Golang default UA"] [hostname "webdisk.genspagroup.com"] [uri "/wp-admin/txets.php"] [unique_id "alxefsu1nEoSSDHiOXbhEQAAAUA"]
[Sat Jul 18 23:19:58.532469 2026] [security2:error] [pid 830701:tid 830866] [client 31.171.130.9:49989] ModSecurity: Access denied with code 406 (phase 1). Match of "ipMatch 127.0.0.1" against "REMOTE_ADDR" required. [file "/opt/mod_security/hg_rules.conf"] [line "1461"] [id "909116"] [msg "Golang default UA"] [hostname "cpcontacts.genspagroup.com"] [uri "/lufix.php"] [unique_id "alxefsu1nEoSSDHiOXbhHgAAAS0"]
[Sat Jul 18 23:19:58.599680 2026] [security2:error] [pid 830701:tid 830817] [remote 188.138.102.156:33842] ModSecurity: Access denied with code 409 (phase 1). RBL lookup of 156.102.138.188.testwprbl.websitewelcome.com succeeded at REMOTE_ADDR. [file "/opt/mod_security/hg_rules.conf"] [line "176"] [id "900407"] [msg "Wordpress and Joomla Brute RBL: testwprbl.websitewelcome.com"] [hostname "bluedoorbar.co.nz"] [uri "/wp-login.php"] [unique_id "alxefsu1nEoSSDHiOXbhIwABRnM"], referer: https://bluedoorbar.co.nz/wp-login.php
[Sat Jul 18 23:19:58.619993 2026] [security2:error] [pid 830701:tid 830924] [client 27.34.68.67:52250] ModSecurity: Access denied with code 409 (phase 1). RBL lookup of 67.68.34.27.testwprbl.websitewelcome.com succeeded at REMOTE_ADDR. [file "/opt/mod_security/hg_rules.conf"] [line "176"] [id "900407"] [msg "Wordpress and Joomla Brute RBL: testwprbl.websitewelcome.com"] [hostname "muafaces.org"] [uri "/xmlrpc.php"] [unique_id "alxefsu1nEoSSDHiOXbhJAAAAWc"]
[Sat Jul 18 23:19:58.620139 2026] [security2:error] [pid 830701:tid 830924] [client 27.34.68.67:52250] ModSecurity: Warning. Pattern match "POST" at REQUEST_METHOD. [file "/opt/mod_security/hg_rules.conf"] [line "151"] [id "900405"] [msg "xmlrpc POST logging"] [data "409"] [hostname "muafaces.org"] [uri "/xmlrpc.php"] [unique_id "alxefsu1nEoSSDHiOXbhJAAAAWc"]
[Sat Jul 18 23:19:58.630183 2026] [security2:error] [pid 830701:tid 830929] [client 31.171.130.8:31661] ModSecurity: Access denied with code 406 (phase 1). Match of "ipMatch 127.0.0.1" against "REMOTE_ADDR" required. [file "/opt/mod_security/hg_rules.conf"] [line "1461"] [id "909116"] [msg "Golang default UA"] [hostname "autodiscover.genspagroup.com"] [uri "/wp-editor.php"] [unique_id "alxefsu1nEoSSDHiOXbhJQAAAWw"]
[Sat Jul 18 23:19:58.842721 2026] [security2:error] [pid 830701:tid 830723] [remote 8.217.108.67:34818] ModSecurity: Access denied with code 409 (phase 1). RBL lookup of 67.108.217.8.testwprbl.websitewelcome.com succeeded at REMOTE_ADDR. [file "/opt/mod_security/hg_rules.conf"] [line "176"] [id "900407"] [msg "Wordpress and Joomla Brute RBL: testwprbl.websitewelcome.com"] [hostname "toddnielsen.com"] [uri "/wp-login.php"] [unique_id "alxefsu1nEoSSDHiOXbhKwABehU"]
[Sat Jul 18 23:19:58.914325 2026] [security2:error] [pid 830701:tid 830871] [client 31.171.130.34:23349] ModSecurity: Access denied with code 406 (phase 1). Match of "ipMatch 127.0.0.1" against "REMOTE_ADDR" required. [file "/opt/mod_security/hg_rules.conf"] [line "1461"] [id "909116"] [msg "Golang default UA"] [hostname "cpcalendars.genspagroup.com"] [uri "/style.php"] [unique_id "alxefsu1nEoSSDHiOXbhMAAAATI"]
[Sat Jul 18 23:19:58.928064 2026] [security2:error] [pid 830701:tid 830938] [client 31.171.130.35:46845] ModSecurity: Access denied with code 406 (phase 1). Match of "ipMatch 127.0.0.1" against "REMOTE_ADDR" required. [file "/opt/mod_security/hg_rules.conf"] [line "1461"] [id "909116"] [msg "Golang default UA"] [hostname "webdisk.genspagroup.com"] [uri "/wp-includes/txets.php"] [unique_id "alxefsu1nEoSSDHiOXbhMQAAAXU"]
[Sat Jul 18 23:19:58.991461 2026] [security2:error] [pid 830701:tid 830923] [client 190.245.146.99:57387] ModSecurity: Access denied with code 409 (phase 1). RBL lookup of 99.146.245.190.testwprbl.websitewelcome.com succeeded at REMOTE_ADDR. [file "/opt/mod_security/hg_rules.conf"] [line "176"] [id "900407"] [msg "Wordpress and Joomla Brute RBL: testwprbl.websitewelcome.com"] [hostname "itdynamix.com"] [uri "/xmlrpc.php"] [unique_id "alxefsu1nEoSSDHiOXbhNwAAAWY"]
[Sat Jul 18 23:19:58.991546 2026] [security2:error] [pid 830701:tid 830923] [client 190.245.146.99:57387] ModSecurity: Warning. Pattern match "POST" at REQUEST_METHOD. [file "/opt/mod_security/hg_rules.conf"] [line "151"] [id "900405"] [msg "xmlrpc POST logging"] [data "409"] [hostname "itdynamix.com"] [uri "/xmlrpc.php"] [unique_id "alxefsu1nEoSSDHiOXbhNwAAAWY"]
[Sat Jul 18 23:19:59.034045 2026] [security2:error] [pid 830701:tid 830881] [client 31.171.130.27:29083] ModSecurity: Access denied with code 406 (phase 1). Match of "ipMatch 127.0.0.1" against "REMOTE_ADDR" required. [file "/opt/mod_security/hg_rules.conf"] [line "1461"] [id "909116"] [msg "Golang default UA"] [hostname "cpcontacts.genspagroup.com"] [uri "/style.php"] [unique_id "alxef8u1nEoSSDHiOXbhOgAAATw"]
[Sat Jul 18 23:19:59.116377 2026] [security2:error] [pid 830701:tid 830914] [client 31.171.130.37:23233] ModSecurity: Access denied with code 406 (phase 1). Match of "ipMatch 127.0.0.1" against "REMOTE_ADDR" required. [file "/opt/mod_security/hg_rules.conf"] [line "1461"] [id "909116"] [msg "Golang default UA"] [hostname "autodiscover.genspagroup.com"] [uri "/lufix.php"] [unique_id "alxef8u1nEoSSDHiOXbhPAAAAV0"]
[Sat Jul 18 23:19:59.436442 2026] [security2:error] [pid 830701:tid 830952] [client 31.171.130.16:34789] ModSecurity: Access denied with code 406 (phase 1). Match of "ipMatch 127.0.0.1" against "REMOTE_ADDR" required. [file "/opt/mod_security/hg_rules.conf"] [line "1461"] [id "909116"] [msg "Golang default UA"] [hostname "webdisk.genspagroup.com"] [uri "/goods.php"] [unique_id "alxef8u1nEoSSDHiOXbhWwAAAYM"]
[Sat Jul 18 23:19:59.606627 2026] [security2:error] [pid 830701:tid 830834] [client 31.171.130.2:65493] ModSecurity: Access denied with code 406 (phase 1). Match of "ipMatch 127.0.0.1" against "REMOTE_ADDR" required. [file "/opt/mod_security/hg_rules.conf"] [line "1461"] [id "909116"] [msg "Golang default UA"] [hostname "autodiscover.genspagroup.com"] [uri "/style.php"] [unique_id "alxef8u1nEoSSDHiOXbhewAAAQ0"]
[Sat Jul 18 23:19:59.963579 2026] [security2:error] [pid 830701:tid 830957] [client 118.179.163.227:0] ModSecurity: Warning. Pattern match "301|404|302" at RESPONSE_STATUS. [file "/opt/mod_security/hg_rules.conf"] [line "1570"] [id "900934"] [msg "404 php LOGGING"] [data "301"] [hostname "packerjanitorial.com"] [uri "/index.php"] [unique_id "alxef8u1nEoSSDHiOXbhTAABiDQ"], referer: https://packerjanitorial.com
[Sat Jul 18 23:20:00.029382 2026] [security2:error] [pid 830701:tid 830905] [client 171.4.232.110:53105] ModSecurity: Access denied with code 409 (phase 1). RBL lookup of 110.232.4.171.testwprbl.websitewelcome.com succeeded at REMOTE_ADDR. [file "/opt/mod_security/hg_rules.conf"] [line "176"] [id "900407"] [msg "Wordpress and Joomla Brute RBL: testwprbl.websitewelcome.com"] [hostname "nicherealestate.co"] [uri "/xmlrpc.php"] [unique_id "alxegMu1nEoSSDHiOXbhswAAAVQ"]
[Sat Jul 18 23:20:00.029514 2026] [security2:error] [pid 830701:tid 830905] [client 171.4.232.110:53105] ModSecurity: Warning. Pattern match "POST" at REQUEST_METHOD. [file "/opt/mod_security/hg_rules.conf"] [line "151"] [id "900405"] [msg "xmlrpc POST logging"] [data "409"] [hostname "nicherealestate.co"] [uri "/xmlrpc.php"] [unique_id "alxegMu1nEoSSDHiOXbhswAAAVQ"]
[Sat Jul 18 23:20:00.207802 2026] [security2:error] [pid 830701:tid 830722] [remote 123.20.211.178:0] ModSecurity: Warning. Pattern match "301|404|302" at RESPONSE_STATUS. [file "/opt/mod_security/hg_rules.conf"] [line "1570"] [id "900934"] [msg "404 php LOGGING"] [data "404"] [hostname "www.aleishapenny.ca"] [uri "/index.php"] [unique_id "alxegMu1nEoSSDHiOXbhtAABYxQ"]
[Sat Jul 18 23:20:01.152743 2026] [security2:error] [pid 830701:tid 830886] [client 103.48.44.9:53503] ModSecurity: Access denied with code 409 (phase 1). RBL lookup of 9.44.48.103.testwprbl.websitewelcome.com succeeded at REMOTE_ADDR. [file "/opt/mod_security/hg_rules.conf"] [line "176"] [id "900407"] [msg "Wordpress and Joomla Brute RBL: testwprbl.websitewelcome.com"] [hostname "nicherealestate.co"] [uri "/xmlrpc.php"] [unique_id "alxegcu1nEoSSDHiOXbiAwAAAUE"]
[Sat Jul 18 23:20:01.152983 2026] [security2:error] [pid 830701:tid 830886] [client 103.48.44.9:53503] ModSecurity: Warning. Pattern match "POST" at REQUEST_METHOD. [file "/opt/mod_security/hg_rules.conf"] [line "151"] [id "900405"] [msg "xmlrpc POST logging"] [data "409"] [hostname "nicherealestate.co"] [uri "/xmlrpc.php"] [unique_id "alxegcu1nEoSSDHiOXbiAwAAAUE"]
[Sat Jul 18 23:20:01.176850 2026] [security2:error] [pid 830701:tid 830904] [client 31.171.130.22:53005] ModSecurity: Access denied with code 406 (phase 1). Match of "ipMatch 127.0.0.1" against "REMOTE_ADDR" required. [file "/opt/mod_security/hg_rules.conf"] [line "1461"] [id "909116"] [msg "Golang default UA"] [hostname "webdisk.genspagroup.com"] [uri "/wp-editor.php"] [unique_id "alxegcu1nEoSSDHiOXbiBAAAAVM"]
[Sat Jul 18 23:20:01.442813 2026] [security2:error] [pid 830701:tid 830928] [client 119.154.81.234:59092] ModSecurity: Access denied with code 409 (phase 1). RBL lookup of 234.81.154.119.testwprbl.websitewelcome.com succeeded at REMOTE_ADDR. [file "/opt/mod_security/hg_rules.conf"] [line "176"] [id "900407"] [msg "Wordpress and Joomla Brute RBL: testwprbl.websitewelcome.com"] [hostname "cephasnext.com"] [uri "/xmlrpc.php"] [unique_id "alxegcu1nEoSSDHiOXbiDwAAAWs"]
[Sat Jul 18 23:20:01.442916 2026] [security2:error] [pid 830701:tid 830928] [client 119.154.81.234:59092] ModSecurity: Warning. Pattern match "POST" at REQUEST_METHOD. [file "/opt/mod_security/hg_rules.conf"] [line "151"] [id "900405"] [msg "xmlrpc POST logging"] [data "409"] [hostname "cephasnext.com"] [uri "/xmlrpc.php"] [unique_id "alxegcu1nEoSSDHiOXbiDwAAAWs"]
[Sat Jul 18 23:20:01.659469 2026] [lsapi:warn] [pid 830701:tid 830919] [client 20.1.128.109:50748] [host oldracelimited.com] Backend log: PHP Warning:  Undefined array key "host" in /home2/oldracel/public_html/oldracelimited/wp-content/plugins/bluehost-wordpress-plugin/inc/YoastAI.php on line 54\n
[Sat Jul 18 23:20:01.662997 2026] [lsapi:warn] [pid 830701:tid 830919] [client 20.1.128.109:50748] [host oldracelimited.com] Backend log: PHP Warning:  Undefined array key "host" in /home2/oldracel/public_html/oldracelimited/wp-content/plugins/bluehost-wordpress-plugin/inc/YoastAI.php on line 54\n
[Sat Jul 18 23:20:02.056035 2026] [security2:error] [pid 830701:tid 830914] [client 31.171.130.40:35933] ModSecurity: Access denied with code 406 (phase 1). Match of "ipMatch 127.0.0.1" against "REMOTE_ADDR" required. [file "/opt/mod_security/hg_rules.conf"] [line "1461"] [id "909116"] [msg "Golang default UA"] [hostname "webdisk.genspagroup.com"] [uri "/lufix.php"] [unique_id "alxegsu1nEoSSDHiOXbiOQAAAV0"]
[Sat Jul 18 23:20:02.253459 2026] [security2:error] [pid 830701:tid 830743] [remote 94.65.254.144:0] ModSecurity: Access denied with code 409 (phase 1). RBL lookup of 144.254.65.94.testwprbl.websitewelcome.com succeeded at REMOTE_ADDR. [file "/opt/mod_security/hg_rules.conf"] [line "176"] [id "900407"] [msg "Wordpress and Joomla Brute RBL: testwprbl.websitewelcome.com"] [hostname "nzfoodstory.com"] [uri "/xmlrpc.php"] [unique_id "alxegsu1nEoSSDHiOXbiQwABUSk"]
[Sat Jul 18 23:20:02.253612 2026] [security2:error] [pid 830701:tid 830902] [client 94.65.254.144:0] ModSecurity: Warning. Pattern match "POST" at REQUEST_METHOD. [file "/opt/mod_security/hg_rules.conf"] [line "151"] [id "900405"] [msg "xmlrpc POST logging"] [data "409"] [hostname "nzfoodstory.com"] [uri "/xmlrpc.php"] [unique_id "alxegsu1nEoSSDHiOXbiQwABUSk"]
[Sat Jul 18 23:20:02.439491 2026] [security2:error] [pid 830701:tid 830931] [client 57.141.18.102:0] ModSecurity: Warning. Pattern match "301|404|302" at RESPONSE_STATUS. [file "/opt/mod_security/hg_rules.conf"] [line "1570"] [id "900934"] [msg "404 php LOGGING"] [data "302"] [hostname "falconarrowshop.com"] [uri "/index.php"] [unique_id "alxegMu1nEoSSDHiOXbhywAAAW4"]
[Sat Jul 18 23:20:02.742542 2026] [security2:error] [pid 830701:tid 830765] [remote 8.217.108.67:34818] ModSecurity: Access denied with code 409 (phase 1). RBL lookup of 67.108.217.8.testwprbl.websitewelcome.com succeeded at REMOTE_ADDR. [file "/opt/mod_security/hg_rules.conf"] [line "176"] [id "900407"] [msg "Wordpress and Joomla Brute RBL: testwprbl.websitewelcome.com"] [hostname "toddnielsen.com"] [uri "/wp-login.php"] [unique_id "alxegsu1nEoSSDHiOXbiaAABWz8"], referer: https://toddnielsen.com/wp-login.php
[Sat Jul 18 23:20:02.748993 2026] [security2:error] [pid 830701:tid 830907] [client 31.171.130.39:33069] ModSecurity: Access denied with code 406 (phase 1). Match of "ipMatch 127.0.0.1" against "REMOTE_ADDR" required. [file "/opt/mod_security/hg_rules.conf"] [line "1461"] [id "909116"] [msg "Golang default UA"] [hostname "webdisk.genspagroup.com"] [uri "/style.php"] [unique_id "alxegsu1nEoSSDHiOXbiaQAAAVY"]
[Sat Jul 18 23:20:02.893504 2026] [security2:error] [pid 830701:tid 830848] [client 43.163.206.70:49330] ModSecurity: Access denied with code 409 (phase 1). RBL lookup of 70.206.163.43.vulnscan.websitewelcome.com succeeded at REMOTE_ADDR. [file "/opt/mod_security/hg_rules.conf"] [line "1566"] [id "900933"] [msg "Vulnerability Scan RBL: vulnscan.websitewelcome.com"] [hostname "lifeisbetterlakeside.com"] [uri "/xmlrpc.php"] [unique_id "alxegsu1nEoSSDHiOXbibgAAARs"]
[Sat Jul 18 23:20:02.910637 2026] [security2:error] [pid 830701:tid 830898] [client 20.1.128.109:50764] ModSecurity: Warning. Pattern match "301|404|302" at RESPONSE_STATUS. [file "/opt/mod_security/hg_rules.conf"] [line "1570"] [id "900934"] [msg "404 php LOGGING"] [data "301"] [hostname "oldracelimited.com"] [uri "/index.php"] [unique_id "alxegsu1nEoSSDHiOXbiagAAAU0"]
[Sat Jul 18 23:20:03.294044 2026] [security2:error] [pid 830701:tid 830935] [client 57.141.18.56:0] ModSecurity: Warning. Pattern match "301|404|302" at RESPONSE_STATUS. [file "/opt/mod_security/hg_rules.conf"] [line "1570"] [id "900934"] [msg "404 php LOGGING"] [data "301"] [hostname "www.drawingthedog.com"] [uri "/index.php"] [unique_id "alxeg8u1nEoSSDHiOXbiggAAAXI"]
[Sat Jul 18 23:20:05.399439 2026] [security2:error] [pid 830701:tid 830943] [client 65.111.28.25:37457] ModSecurity: Access denied with code 409 (phase 1). RBL lookup of 25.28.111.65.testwprbl.websitewelcome.com succeeded at REMOTE_ADDR. [file "/opt/mod_security/hg_rules.conf"] [line "176"] [id "900407"] [msg "Wordpress and Joomla Brute RBL: testwprbl.websitewelcome.com"] [hostname "primests.com"] [uri "/wp-login.php"] [unique_id "alxehcu1nEoSSDHiOXbjIAAAAXo"], referer: https://primests.com/wp-login.php
[Sat Jul 18 23:20:06.174003 2026] [security2:error] [pid 830701:tid 830713] [remote 158.180.33.171:33600] ModSecurity: Access denied with code 409 (phase 1). RBL lookup of 171.33.180.158.testwprbl.websitewelcome.com succeeded at REMOTE_ADDR. [file "/opt/mod_security/hg_rules.conf"] [line "176"] [id "900407"] [msg "Wordpress and Joomla Brute RBL: testwprbl.websitewelcome.com"] [hostname "aosta.nz.dbn.vkf.mybluehost.me"] [uri "/xmlrpc.php"] [unique_id "alxehsu1nEoSSDHiOXbjRAABZAs"]
[Sat Jul 18 23:20:06.174202 2026] [security2:error] [pid 830701:tid 830921] [client 158.180.33.171:33600] ModSecurity: Warning. Pattern match "POST" at REQUEST_METHOD. [file "/opt/mod_security/hg_rules.conf"] [line "151"] [id "900405"] [msg "xmlrpc POST logging"] [data "409"] [hostname "aosta.nz.dbn.vkf.mybluehost.me"] [uri "/xmlrpc.php"] [unique_id "alxehsu1nEoSSDHiOXbjRAABZAs"]
[Sat Jul 18 23:20:06.325423 2026] [proxy:error] [pid 830701:tid 830916] (111)Connection refused: AH00957: http: attempt to connect to 127.0.0.1:2079 (127.0.0.1:2079) failed
[Sat Jul 18 23:20:06.325477 2026] [proxy_http:error] [pid 830701:tid 830916] [client 193.47.62.168:35704] AH01114: HTTP: failed to make connection to backend: 127.0.0.1
[Sat Jul 18 23:20:06.325909 2026] [proxy:error] [pid 830701:tid 830916] (111)Connection refused: AH00957: http: attempt to connect to 127.0.0.1:2079 (127.0.0.1:2079) failed
[Sat Jul 18 23:20:06.325934 2026] [proxy_http:error] [pid 830701:tid 830916] [client 193.47.62.168:35704] AH01114: HTTP: failed to make connection to backend: 127.0.0.1
[Sat Jul 18 23:20:06.720938 2026] [security2:error] [pid 830701:tid 830727] [remote 57.141.18.25:44258] ModSecurity: Access denied with code 409 (phase 1). RBL lookup of 25.18.141.57.vulnscan.websitewelcome.com succeeded at REMOTE_ADDR. [file "/opt/mod_security/hg_rules.conf"] [line "1566"] [id "900933"] [msg "Vulnerability Scan RBL: vulnscan.websitewelcome.com"] [hostname "aviationsynergy.aero"] [uri "/product/3623433"] [unique_id "alxehsu1nEoSSDHiOXbjaAABfBk"]
[Sat Jul 18 23:20:07.172244 2026] [security2:error] [pid 830701:tid 830888] [client 114.119.138.65:58705] ModSecurity: Access denied with code 406 (phase 1). Pattern match "ZoominfoBot|NetcraftSurveyAgent|MJ12bot|(?i:BUbiNG)|D(?i:otbot)| oBot/|MegaIndex\\\\.ru|Barkrowler|Spbot|DomainCrawler|Seznam|CCBot|SiteExplorer|OpenLinkProfiler|Sogou web spider|360Spider|Semrush|Panscient|crawler\\\\.feedback([+]\\\\S+)?@gmail\\\\.com|MauiBo ..." at REQUEST_HEADERS:User-Agent. [file "/opt/mod_security/hg_rules.conf"] [line "585"] [id "999812"] [msg "Problematic Crawler"] [hostname "www.samdothan.org"] [uri "/wwwthemedicalgroupcouk-772a.pdf"] [unique_id "alxeh8u1nEoSSDHiOXbjfQAAAUM"], referer: http://nekon.jp/dark-eyes/index.php?cmd=backup&action&page=%C3%A3%C2%82%C2%B3%C3%A3%C2%83%C2%A1%C3%A3%C2%83%C2%B3%C3%A3%C2%83%C2%88/FrontPage&age=10
[Sat Jul 18 23:20:07.445483 2026] [security2:error] [pid 830701:tid 830848] [client 223.228.182.224:58525] ModSecurity: Access denied with code 409 (phase 1). RBL lookup of 224.182.228.223.testwprbl.websitewelcome.com succeeded at REMOTE_ADDR. [file "/opt/mod_security/hg_rules.conf"] [line "176"] [id "900407"] [msg "Wordpress and Joomla Brute RBL: testwprbl.websitewelcome.com"] [hostname "lmgorman.com"] [uri "/xmlrpc.php"] [unique_id "alxeh8u1nEoSSDHiOXbjiwAAARs"]
[Sat Jul 18 23:20:07.450429 2026] [security2:error] [pid 830701:tid 830848] [client 223.228.182.224:58525] ModSecurity: Warning. Pattern match "POST" at REQUEST_METHOD. [file "/opt/mod_security/hg_rules.conf"] [line "151"] [id "900405"] [msg "xmlrpc POST logging"] [data "409"] [hostname "lmgorman.com"] [uri "/xmlrpc.php"] [unique_id "alxeh8u1nEoSSDHiOXbjiwAAARs"]
[Sat Jul 18 23:20:08.441438 2026] [security2:error] [pid 830701:tid 830859] [client 223.185.61.63:23815] ModSecurity: Access denied with code 409 (phase 1). RBL lookup of 63.61.185.223.testwprbl.websitewelcome.com succeeded at REMOTE_ADDR. [file "/opt/mod_security/hg_rules.conf"] [line "176"] [id "900407"] [msg "Wordpress and Joomla Brute RBL: testwprbl.websitewelcome.com"] [hostname "lizrichter.com.au"] [uri "/xmlrpc.php"] [unique_id "alxeiMu1nEoSSDHiOXbjxAAAASY"]
[Sat Jul 18 23:20:08.446025 2026] [security2:error] [pid 830701:tid 830859] [client 223.185.61.63:23815] ModSecurity: Warning. Pattern match "POST" at REQUEST_METHOD. [file "/opt/mod_security/hg_rules.conf"] [line "151"] [id "900405"] [msg "xmlrpc POST logging"] [data "409"] [hostname "lizrichter.com.au"] [uri "/xmlrpc.php"] [unique_id "alxeiMu1nEoSSDHiOXbjxAAAASY"]
[Sat Jul 18 23:20:08.949336 2026] [security2:error] [pid 830701:tid 830945] [client 74.208.214.194:54752] ModSecurity: Access denied with code 409 (phase 1). RBL lookup of 194.214.208.74.vulnscan.websitewelcome.com succeeded at REMOTE_ADDR. [file "/opt/mod_security/hg_rules.conf"] [line "1566"] [id "900933"] [msg "Vulnerability Scan RBL: vulnscan.websitewelcome.com"] [hostname "ait.afz.mybluehost.me"] [uri "/wp-cron.php"] [unique_id "alxeiMu1nEoSSDHiOXbj3gAAAXw"]
