[Sat Jul 18 23:15:27.237804 2026] [security2:error] [pid 831031:tid 831245] [client 31.171.130.30:20429] ModSecurity: Access denied with code 406 (phase 1). Match of "ipMatch 127.0.0.1" against "REMOTE_ADDR" required. [file "/opt/mod_security/hg_rules.conf"] [line "1461"] [id "909116"] [msg "Golang default UA"] [hostname "webdisk.waterproofgoods.com"] [uri "/dex.php"] [unique_id "alxdb5nU1ySsD4Tkeg4ZJwAAAeI"]
[Sat Jul 18 23:15:27.238803 2026] [security2:error] [pid 831031:tid 831222] [client 31.171.130.20:49689] ModSecurity: Access denied with code 406 (phase 1). Match of "ipMatch 127.0.0.1" against "REMOTE_ADDR" required. [file "/opt/mod_security/hg_rules.conf"] [line "1461"] [id "909116"] [msg "Golang default UA"] [hostname "mail.waterproofgoods.com"] [uri "/dex.php"] [unique_id "alxdb5nU1ySsD4Tkeg4ZKAAAAcs"]
[Sat Jul 18 23:15:27.373599 2026] [security2:error] [pid 830701:tid 830898] [client 31.171.130.22:39255] ModSecurity: Access denied with code 406 (phase 1). Match of "ipMatch 127.0.0.1" against "REMOTE_ADDR" required. [file "/opt/mod_security/hg_rules.conf"] [line "1461"] [id "909116"] [msg "Golang default UA"] [hostname "waterproofgoods.com"] [uri "/shelp.php"] [unique_id "alxdb8u1nEoSSDHiOXa53AAAAU0"]
[Sat Jul 18 23:15:27.411402 2026] [security2:error] [pid 831031:tid 831246] [client 31.171.130.18:48075] ModSecurity: Access denied with code 406 (phase 1). Match of "ipMatch 127.0.0.1" against "REMOTE_ADDR" required. [file "/opt/mod_security/hg_rules.conf"] [line "1461"] [id "909116"] [msg "Golang default UA"] [hostname "cpcalendars.waterproofgoods.com"] [uri "/dex.php"] [unique_id "alxdb5nU1ySsD4Tkeg4ZLwAAAeM"]
[Sat Jul 18 23:15:27.438283 2026] [security2:error] [pid 831031:tid 831279] [client 31.171.130.1:61441] ModSecurity: Access denied with code 406 (phase 1). Match of "ipMatch 127.0.0.1" against "REMOTE_ADDR" required. [file "/opt/mod_security/hg_rules.conf"] [line "1461"] [id "909116"] [msg "Golang default UA"] [hostname "autodiscover.waterproofgoods.com"] [uri "/cord.php"] [unique_id "alxdb5nU1ySsD4Tkeg4ZMAAAAgQ"]
[Sat Jul 18 23:15:27.502308 2026] [security2:error] [pid 831031:tid 831192] [client 31.171.130.47:63801] ModSecurity: Access denied with code 406 (phase 1). Match of "ipMatch 127.0.0.1" against "REMOTE_ADDR" required. [file "/opt/mod_security/hg_rules.conf"] [line "1461"] [id "909116"] [msg "Golang default UA"] [hostname "cpanel.waterproofgoods.com"] [uri "/dex.php"] [unique_id "alxdb5nU1ySsD4Tkeg4ZNgAAAa0"]
[Sat Jul 18 23:15:27.510144 2026] [security2:error] [pid 831031:tid 831215] [client 31.171.130.37:43585] ModSecurity: Access denied with code 406 (phase 1). Match of "ipMatch 127.0.0.1" against "REMOTE_ADDR" required. [file "/opt/mod_security/hg_rules.conf"] [line "1461"] [id "909116"] [msg "Golang default UA"] [hostname "cpcontacts.waterproofgoods.com"] [uri "/wp-admin/admin-ajax.php"] [unique_id "alxdb5nU1ySsD4Tkeg4ZNwAAAcQ"]
[Sat Jul 18 23:15:27.543971 2026] [security2:error] [pid 831031:tid 831090] [remote 31.42.184.154:44956] ModSecurity: Access denied with code 409 (phase 1). RBL lookup of 154.184.42.31.testwprbl.websitewelcome.com succeeded at REMOTE_ADDR. [file "/opt/mod_security/hg_rules.conf"] [line "176"] [id "900407"] [msg "Wordpress and Joomla Brute RBL: testwprbl.websitewelcome.com"] [hostname "locketsandcharms.com"] [uri "/wp-login.php"] [unique_id "alxdb5nU1ySsD4Tkeg4ZOgABwzk"], referer: https://locketsandcharms.com/wp-login.php
[Sat Jul 18 23:15:27.676320 2026] [security2:error] [pid 830701:tid 830847] [client 31.171.130.49:49639] ModSecurity: Access denied with code 406 (phase 1). Match of "ipMatch 127.0.0.1" against "REMOTE_ADDR" required. [file "/opt/mod_security/hg_rules.conf"] [line "1461"] [id "909116"] [msg "Golang default UA"] [hostname "webmail.waterproofgoods.com"] [uri "/cord.php"] [unique_id "alxdb8u1nEoSSDHiOXa55AAAARo"]
[Sat Jul 18 23:15:27.711632 2026] [security2:error] [pid 831031:tid 831244] [client 31.171.130.12:49947] ModSecurity: Access denied with code 406 (phase 1). Match of "ipMatch 127.0.0.1" against "REMOTE_ADDR" required. [file "/opt/mod_security/hg_rules.conf"] [line "1461"] [id "909116"] [msg "Golang default UA"] [hostname "waterproofgoods.bln.noq.mybluehost.me"] [uri "/cord.php"] [unique_id "alxdb5nU1ySsD4Tkeg4ZQQAAAeE"]
[Sat Jul 18 23:15:27.717993 2026] [security2:error] [pid 830701:tid 830938] [client 31.171.130.11:49143] ModSecurity: Access denied with code 406 (phase 1). Match of "ipMatch 127.0.0.1" against "REMOTE_ADDR" required. [file "/opt/mod_security/hg_rules.conf"] [line "1461"] [id "909116"] [msg "Golang default UA"] [hostname "webdisk.waterproofgoods.com"] [uri "/wp-admin/admin-ajax.php"] [unique_id "alxdb8u1nEoSSDHiOXa55wAAAXU"]
[Sat Jul 18 23:15:27.718259 2026] [security2:error] [pid 830701:tid 830875] [client 31.171.130.17:65295] ModSecurity: Access denied with code 406 (phase 1). Match of "ipMatch 127.0.0.1" against "REMOTE_ADDR" required. [file "/opt/mod_security/hg_rules.conf"] [line "1461"] [id "909116"] [msg "Golang default UA"] [hostname "mail.waterproofgoods.com"] [uri "/wp-admin/admin-ajax.php"] [unique_id "alxdb8u1nEoSSDHiOXa56AAAATY"]
[Sat Jul 18 23:15:27.838016 2026] [security2:error] [pid 830701:tid 830929] [client 45.86.203.70:57401] ModSecurity: Access denied with code 406 (phase 1). Match of "ipMatch 127.0.0.1" against "REMOTE_ADDR" required. [file "/opt/mod_security/hg_rules.conf"] [line "1461"] [id "909116"] [msg "Golang default UA"] [hostname "serrawireless.com"] [uri "/chosen.php"] [unique_id "alxdb8u1nEoSSDHiOXa56wAAAWw"]
[Sat Jul 18 23:15:27.871824 2026] [security2:error] [pid 830701:tid 830923] [client 31.171.130.42:43249] ModSecurity: Access denied with code 406 (phase 1). Match of "ipMatch 127.0.0.1" against "REMOTE_ADDR" required. [file "/opt/mod_security/hg_rules.conf"] [line "1461"] [id "909116"] [msg "Golang default UA"] [hostname "waterproofgoods.com"] [uri "/cord.php"] [unique_id "alxdb8u1nEoSSDHiOXa57QAAAWY"]
[Sat Jul 18 23:15:27.897323 2026] [security2:error] [pid 830701:tid 830894] [client 31.171.130.35:63117] ModSecurity: Access denied with code 406 (phase 1). Match of "ipMatch 127.0.0.1" against "REMOTE_ADDR" required. [file "/opt/mod_security/hg_rules.conf"] [line "1461"] [id "909116"] [msg "Golang default UA"] [hostname "cpcalendars.waterproofgoods.com"] [uri "/wp-admin/admin-ajax.php"] [unique_id "alxdb8u1nEoSSDHiOXa57gAAAUk"]
[Sat Jul 18 23:15:27.919049 2026] [security2:error] [pid 831031:tid 831272] [client 31.171.130.20:48413] ModSecurity: Access denied with code 406 (phase 1). Match of "ipMatch 127.0.0.1" against "REMOTE_ADDR" required. [file "/opt/mod_security/hg_rules.conf"] [line "1461"] [id "909116"] [msg "Golang default UA"] [hostname "autodiscover.waterproofgoods.com"] [uri "/dex.php"] [unique_id "alxdb5nU1ySsD4Tkeg4ZRgAAAf0"]
[Sat Jul 18 23:15:27.944842 2026] [security2:error] [pid 831031:tid 831210] [client 4.194.24.143:21773] ModSecurity: Access denied with code 409 (phase 1). RBL lookup of 143.24.194.4.vulnscan.websitewelcome.com succeeded at REMOTE_ADDR. [file "/opt/mod_security/hg_rules.conf"] [line "1566"] [id "900933"] [msg "Vulnerability Scan RBL: vulnscan.websitewelcome.com"] [hostname "markmoseleycelebritygolf.org"] [uri "/sid3.php"] [unique_id "alxdb5nU1ySsD4Tkeg4ZSAAAAb8"]
[Sat Jul 18 23:15:27.984308 2026] [security2:error] [pid 831031:tid 831262] [client 31.171.130.12:33853] ModSecurity: Access denied with code 406 (phase 1). Match of "ipMatch 127.0.0.1" against "REMOTE_ADDR" required. [file "/opt/mod_security/hg_rules.conf"] [line "1461"] [id "909116"] [msg "Golang default UA"] [hostname "cpanel.waterproofgoods.com"] [uri "/wp-admin/admin-ajax.php"] [unique_id "alxdb5nU1ySsD4Tkeg4ZTAAAAfM"]
[Sat Jul 18 23:15:27.997151 2026] [security2:error] [pid 831031:tid 831259] [client 31.171.130.34:52677] ModSecurity: Access denied with code 406 (phase 1). Match of "ipMatch 127.0.0.1" against "REMOTE_ADDR" required. [file "/opt/mod_security/hg_rules.conf"] [line "1461"] [id "909116"] [msg "Golang default UA"] [hostname "cpcontacts.waterproofgoods.com"] [uri "/zwso.php"] [unique_id "alxdb5nU1ySsD4Tkeg4ZTQAAAfA"]
[Sat Jul 18 23:15:28.062624 2026] [proxy:error] [pid 831031:tid 831195] (111)Connection refused: AH00957: http: attempt to connect to 127.0.0.1:2079 (127.0.0.1:2079) failed
[Sat Jul 18 23:15:28.062707 2026] [proxy_http:error] [pid 831031:tid 831195] [client 193.47.62.168:52162] AH01114: HTTP: failed to make connection to backend: 127.0.0.1
[Sat Jul 18 23:15:28.063380 2026] [proxy:error] [pid 831031:tid 831195] (111)Connection refused: AH00957: http: attempt to connect to 127.0.0.1:2079 (127.0.0.1:2079) failed
[Sat Jul 18 23:15:28.063422 2026] [proxy_http:error] [pid 831031:tid 831195] [client 193.47.62.168:52162] AH01114: HTTP: failed to make connection to backend: 127.0.0.1
[Sat Jul 18 23:15:28.189018 2026] [security2:error] [pid 831031:tid 831252] [client 31.171.130.35:41345] ModSecurity: Access denied with code 406 (phase 1). Match of "ipMatch 127.0.0.1" against "REMOTE_ADDR" required. [file "/opt/mod_security/hg_rules.conf"] [line "1461"] [id "909116"] [msg "Golang default UA"] [hostname "webmail.waterproofgoods.com"] [uri "/dex.php"] [unique_id "alxdcJnU1ySsD4Tkeg4ZWAAAAek"]
[Sat Jul 18 23:15:28.219169 2026] [security2:error] [pid 831031:tid 831186] [client 31.171.130.15:31253] ModSecurity: Access denied with code 406 (phase 1). Match of "ipMatch 127.0.0.1" against "REMOTE_ADDR" required. [file "/opt/mod_security/hg_rules.conf"] [line "1461"] [id "909116"] [msg "Golang default UA"] [hostname "mail.waterproofgoods.com"] [uri "/zwso.php"] [unique_id "alxdcJnU1ySsD4Tkeg4ZWwAAAac"]
[Sat Jul 18 23:15:28.219312 2026] [security2:error] [pid 831031:tid 831265] [client 31.171.130.52:23581] ModSecurity: Access denied with code 406 (phase 1). Match of "ipMatch 127.0.0.1" against "REMOTE_ADDR" required. [file "/opt/mod_security/hg_rules.conf"] [line "1461"] [id "909116"] [msg "Golang default UA"] [hostname "waterproofgoods.bln.noq.mybluehost.me"] [uri "/dex.php"] [unique_id "alxdcJnU1ySsD4Tkeg4ZXAAAAfY"]
[Sat Jul 18 23:15:28.227451 2026] [security2:error] [pid 831031:tid 831177] [client 31.171.130.3:20019] ModSecurity: Access denied with code 406 (phase 1). Match of "ipMatch 127.0.0.1" against "REMOTE_ADDR" required. [file "/opt/mod_security/hg_rules.conf"] [line "1461"] [id "909116"] [msg "Golang default UA"] [hostname "webdisk.waterproofgoods.com"] [uri "/zwso.php"] [unique_id "alxdcJnU1ySsD4Tkeg4ZXQAAAZ4"]
[Sat Jul 18 23:15:28.273487 2026] [security2:error] [pid 831031:tid 831289] [client 74.7.175.151:34360] ModSecurity: Warning. Matched phrase "oBot" at REQUEST_HEADERS:user-agent. [file "/opt/mod_security/hg_rules.conf"] [line "168"] [id "350001"] [msg "BAD BOT - Detected LOGGING"] [data "301"] [hostname "omenana.com"] [uri "/robots.txt"] [unique_id "alxdcJnU1ySsD4Tkeg4ZXwAAAg4"]
[Sat Jul 18 23:15:28.283221 2026] [autoindex:error] [pid 831031:tid 831258] [client 43.130.9.111:58722] AH01276: Cannot serve directory /home1/ypkrfsmy/finalcialsgroup.com/: No matching DirectoryIndex (index.html.var,index.htm,index.html,index.shtml,index.xhtml,index.wml,index.perl,index.pl,index.plx,index.ppl,index.cgi,index.jsp,index.js,index.jp,index.php4,index.php3,index.php,index.phtml,default.htm,default.html,home.htm,index.php5,Default.html,Default.htm,home.html) found, and server-generated directory index forbidden by Options directive
[Sat Jul 18 23:15:28.293140 2026] [core:error] [pid 831031:tid 831183] [client 140.248.75.197:56342] AH00124: Request exceeded the limit of 10 internal redirects due to probable configuration error. Use 'LimitInternalRecursion' to increase the limit if necessary. Use 'LogLevel debug' to get a backtrace.
[Sat Jul 18 23:15:28.293144 2026] [core:error] [pid 831031:tid 831273] [client 140.248.75.197:56350] AH00124: Request exceeded the limit of 10 internal redirects due to probable configuration error. Use 'LimitInternalRecursion' to increase the limit if necessary. Use 'LogLevel debug' to get a backtrace.
[Sat Jul 18 23:15:28.293162 2026] [core:error] [pid 831031:tid 831183] [client 140.248.75.197:56342] AH00124: Request exceeded the limit of 10 internal redirects due to probable configuration error. Use 'LimitInternalRecursion' to increase the limit if necessary. Use 'LogLevel debug' to get a backtrace.
[Sat Jul 18 23:15:28.293167 2026] [core:error] [pid 831031:tid 831273] [client 140.248.75.197:56350] AH00124: Request exceeded the limit of 10 internal redirects due to probable configuration error. Use 'LimitInternalRecursion' to increase the limit if necessary. Use 'LogLevel debug' to get a backtrace.
[Sat Jul 18 23:15:28.363587 2026] [security2:error] [pid 831031:tid 831206] [client 31.171.130.33:50687] ModSecurity: Access denied with code 406 (phase 1). Match of "ipMatch 127.0.0.1" against "REMOTE_ADDR" required. [file "/opt/mod_security/hg_rules.conf"] [line "1461"] [id "909116"] [msg "Golang default UA"] [hostname "waterproofgoods.com"] [uri "/dex.php"] [unique_id "alxdcJnU1ySsD4Tkeg4ZZgAAAbs"]
[Sat Jul 18 23:15:28.399001 2026] [security2:error] [pid 830701:tid 830873] [client 31.171.130.49:63931] ModSecurity: Access denied with code 406 (phase 1). Match of "ipMatch 127.0.0.1" against "REMOTE_ADDR" required. [file "/opt/mod_security/hg_rules.conf"] [line "1461"] [id "909116"] [msg "Golang default UA"] [hostname "autodiscover.waterproofgoods.com"] [uri "/wp-admin/admin-ajax.php"] [unique_id "alxdcMu1nEoSSDHiOXa59AAAATQ"]
[Sat Jul 18 23:15:28.442492 2026] [security2:error] [pid 831031:tid 831180] [client 74.7.175.151:0] ModSecurity: Warning. Matched phrase "oBot" at REQUEST_HEADERS:User-Agent. [file "/opt/mod_security/hg_rules.conf"] [line "168"] [id "350001"] [msg "BAD BOT - Detected LOGGING"] [data "200"] [hostname "omenana.com"] [uri "/robots.txt"] [unique_id "alxdcJnU1ySsD4Tkeg4ZawAAAaE"], referer: http://omenana.com/robots.txt
[Sat Jul 18 23:15:28.445066 2026] [security2:error] [pid 830701:tid 830933] [client 74.7.175.151:55950] ModSecurity: Warning. Matched phrase "oBot" at REQUEST_HEADERS:User-Agent. [file "/opt/mod_security/hg_rules.conf"] [line "168"] [id "350001"] [msg "BAD BOT - Detected LOGGING"] [data "200"] [hostname "omenana.com"] [uri "/robots.txt"] [unique_id "alxdcMu1nEoSSDHiOXa59QABcAM"], referer: http://omenana.com/robots.txt
[Sat Jul 18 23:15:28.481882 2026] [security2:error] [pid 830701:tid 830932] [client 31.171.130.15:49311] ModSecurity: Access denied with code 406 (phase 1). Match of "ipMatch 127.0.0.1" against "REMOTE_ADDR" required. [file "/opt/mod_security/hg_rules.conf"] [line "1461"] [id "909116"] [msg "Golang default UA"] [hostname "cpanel.waterproofgoods.com"] [uri "/zwso.php"] [unique_id "alxdcMu1nEoSSDHiOXa5-AAAAW8"]
[Sat Jul 18 23:15:28.488603 2026] [security2:error] [pid 830701:tid 830944] [client 31.171.130.32:35305] ModSecurity: Access denied with code 406 (phase 1). Match of "ipMatch 127.0.0.1" against "REMOTE_ADDR" required. [file "/opt/mod_security/hg_rules.conf"] [line "1461"] [id "909116"] [msg "Golang default UA"] [hostname "cpcontacts.waterproofgoods.com"] [uri "/wp-content/plugins/hellopress/wp_mna.php"] [unique_id "alxdcMu1nEoSSDHiOXa5-QAAAXs"]
[Sat Jul 18 23:15:28.518453 2026] [security2:error] [pid 831031:tid 831202] [client 4.194.24.143:21790] ModSecurity: Access denied with code 409 (phase 1). RBL lookup of 143.24.194.4.vulnscan.websitewelcome.com succeeded at REMOTE_ADDR. [file "/opt/mod_security/hg_rules.conf"] [line "1566"] [id "900933"] [msg "Vulnerability Scan RBL: vulnscan.websitewelcome.com"] [hostname "markmoseleycelebritygolf.org"] [uri "/simple.php"] [unique_id "alxdcJnU1ySsD4Tkeg4ZbQAAAbc"]
[Sat Jul 18 23:15:28.556810 2026] [security2:error] [pid 831031:tid 831072] [remote 94.65.254.144:0] ModSecurity: Access denied with code 409 (phase 1). RBL lookup of 144.254.65.94.testwprbl.websitewelcome.com succeeded at REMOTE_ADDR. [file "/opt/mod_security/hg_rules.conf"] [line "176"] [id "900407"] [msg "Wordpress and Joomla Brute RBL: testwprbl.websitewelcome.com"] [hostname "nzfoodstory.com"] [uri "/xmlrpc.php"] [unique_id "alxdcJnU1ySsD4Tkeg4ZbgAB4yc"]
[Sat Jul 18 23:15:28.556950 2026] [security2:error] [pid 831031:tid 831246] [client 94.65.254.144:0] ModSecurity: Warning. Pattern match "POST" at REQUEST_METHOD. [file "/opt/mod_security/hg_rules.conf"] [line "151"] [id "900405"] [msg "xmlrpc POST logging"] [data "409"] [hostname "nzfoodstory.com"] [uri "/xmlrpc.php"] [unique_id "alxdcJnU1ySsD4Tkeg4ZbgAB4yc"]
[Sat Jul 18 23:15:28.636073 2026] [security2:error] [pid 831031:tid 831057] [remote 31.42.184.154:51944] ModSecurity: Access denied with code 409 (phase 1). RBL lookup of 154.184.42.31.testwprbl.websitewelcome.com succeeded at REMOTE_ADDR. [file "/opt/mod_security/hg_rules.conf"] [line "176"] [id "900407"] [msg "Wordpress and Joomla Brute RBL: testwprbl.websitewelcome.com"] [hostname "careysheatingandcooling.com"] [uri "/wp-login.php"] [unique_id "alxdcJnU1ySsD4Tkeg4ZdQACDRg"]
[Sat Jul 18 23:15:28.682909 2026] [security2:error] [pid 830701:tid 830907] [client 31.171.130.51:35143] ModSecurity: Access denied with code 406 (phase 1). Match of "ipMatch 127.0.0.1" against "REMOTE_ADDR" required. [file "/opt/mod_security/hg_rules.conf"] [line "1461"] [id "909116"] [msg "Golang default UA"] [hostname "webmail.waterproofgoods.com"] [uri "/wp-admin/admin-ajax.php"] [unique_id "alxdcMu1nEoSSDHiOXa5_wAAAVY"]
[Sat Jul 18 23:15:28.699451 2026] [security2:error] [pid 830701:tid 830952] [client 31.171.130.27:55565] ModSecurity: Access denied with code 406 (phase 1). Match of "ipMatch 127.0.0.1" against "REMOTE_ADDR" required. [file "/opt/mod_security/hg_rules.conf"] [line "1461"] [id "909116"] [msg "Golang default UA"] [hostname "mail.waterproofgoods.com"] [uri "/wp-content/plugins/hellopress/wp_mna.php"] [unique_id "alxdcMu1nEoSSDHiOXa6AAAAAYM"]
[Sat Jul 18 23:15:28.699703 2026] [security2:error] [pid 831031:tid 831213] [client 31.171.130.49:21173] ModSecurity: Access denied with code 406 (phase 1). Match of "ipMatch 127.0.0.1" against "REMOTE_ADDR" required. [file "/opt/mod_security/hg_rules.conf"] [line "1461"] [id "909116"] [msg "Golang default UA"] [hostname "waterproofgoods.bln.noq.mybluehost.me"] [uri "/wp-admin/admin-ajax.php"] [unique_id "alxdcJnU1ySsD4Tkeg4ZeAAAAcI"]
[Sat Jul 18 23:15:28.710707 2026] [security2:error] [pid 830701:tid 830918] [client 31.171.130.28:60051] ModSecurity: Access denied with code 406 (phase 1). Match of "ipMatch 127.0.0.1" against "REMOTE_ADDR" required. [file "/opt/mod_security/hg_rules.conf"] [line "1461"] [id "909116"] [msg "Golang default UA"] [hostname "webdisk.waterproofgoods.com"] [uri "/wp-content/plugins/hellopress/wp_mna.php"] [unique_id "alxdcMu1nEoSSDHiOXa6AQAAAWE"]
[Sat Jul 18 23:15:28.914827 2026] [security2:error] [pid 830701:tid 830863] [client 31.171.130.41:38919] ModSecurity: Access denied with code 406 (phase 1). Match of "ipMatch 127.0.0.1" against "REMOTE_ADDR" required. [file "/opt/mod_security/hg_rules.conf"] [line "1461"] [id "909116"] [msg "Golang default UA"] [hostname "waterproofgoods.com"] [uri "/wp-admin/admin-ajax.php"] [unique_id "alxdcMu1nEoSSDHiOXa6CwAAASo"]
[Sat Jul 18 23:15:29.070219 2026] [security2:error] [pid 831031:tid 831193] [client 4.194.24.143:22057] ModSecurity: Access denied with code 409 (phase 1). RBL lookup of 143.24.194.4.vulnscan.websitewelcome.com succeeded at REMOTE_ADDR. [file "/opt/mod_security/hg_rules.conf"] [line "1566"] [id "900933"] [msg "Vulnerability Scan RBL: vulnscan.websitewelcome.com"] [hostname "markmoseleycelebritygolf.org"] [uri "/sitemap.php"] [unique_id "alxdcZnU1ySsD4Tkeg4ZigAAAa4"]
[Sat Jul 18 23:15:29.160173 2026] [security2:error] [pid 831031:tid 831186] [client 31.171.130.8:33635] ModSecurity: Access denied with code 406 (phase 1). Match of "ipMatch 127.0.0.1" against "REMOTE_ADDR" required. [file "/opt/mod_security/hg_rules.conf"] [line "1461"] [id "909116"] [msg "Golang default UA"] [hostname "autodiscover.waterproofgoods.com"] [uri "/zwso.php"] [unique_id "alxdcZnU1ySsD4Tkeg4ZjwAAAac"]
[Sat Jul 18 23:15:29.247689 2026] [security2:error] [pid 830701:tid 830747] [remote 31.42.184.154:44962] ModSecurity: Access denied with code 409 (phase 1). RBL lookup of 154.184.42.31.testwprbl.websitewelcome.com succeeded at REMOTE_ADDR. [file "/opt/mod_security/hg_rules.conf"] [line "176"] [id "900407"] [msg "Wordpress and Joomla Brute RBL: testwprbl.websitewelcome.com"] [hostname "toddnielsen.com"] [uri "/wp-login.php"] [unique_id "alxdccu1nEoSSDHiOXa6EgABFC0"]
[Sat Jul 18 23:15:29.268974 2026] [security2:error] [pid 831031:tid 831119] [remote 31.42.184.154:51944] ModSecurity: Access denied with code 409 (phase 1). RBL lookup of 154.184.42.31.testwprbl.websitewelcome.com succeeded at REMOTE_ADDR. [file "/opt/mod_security/hg_rules.conf"] [line "176"] [id "900407"] [msg "Wordpress and Joomla Brute RBL: testwprbl.websitewelcome.com"] [hostname "careysheatingandcooling.com"] [uri "/wp-login.php"] [unique_id "alxdcZnU1ySsD4Tkeg4ZlwABu1Y"], referer: https://careysheatingandcooling.com/wp-login.php
[Sat Jul 18 23:15:29.462959 2026] [security2:error] [pid 830701:tid 830949] [client 31.171.130.3:22309] ModSecurity: Access denied with code 406 (phase 1). Match of "ipMatch 127.0.0.1" against "REMOTE_ADDR" required. [file "/opt/mod_security/hg_rules.conf"] [line "1461"] [id "909116"] [msg "Golang default UA"] [hostname "cpanel.waterproofgoods.com"] [uri "/wp-content/plugins/hellopress/wp_mna.php"] [unique_id "alxdccu1nEoSSDHiOXa6FwAAAYA"]
[Sat Jul 18 23:15:29.468776 2026] [security2:error] [pid 830701:tid 830928] [client 31.171.130.42:37915] ModSecurity: Access denied with code 406 (phase 1). Match of "ipMatch 127.0.0.1" against "REMOTE_ADDR" required. [file "/opt/mod_security/hg_rules.conf"] [line "1461"] [id "909116"] [msg "Golang default UA"] [hostname "cpcontacts.waterproofgoods.com"] [uri "/bolt.php"] [unique_id "alxdccu1nEoSSDHiOXa6GAAAAWs"]
[Sat Jul 18 23:15:29.506956 2026] [security2:error] [pid 831031:tid 831257] [client 31.171.130.52:29479] ModSecurity: Access denied with code 406 (phase 1). Match of "ipMatch 127.0.0.1" against "REMOTE_ADDR" required. [file "/opt/mod_security/hg_rules.conf"] [line "1461"] [id "909116"] [msg "Golang default UA"] [hostname "cpcalendars.waterproofgoods.com"] [uri "/zwso.php"] [unique_id "alxdcZnU1ySsD4Tkeg4ZowAAAe4"]
[Sat Jul 18 23:15:29.525941 2026] [security2:error] [pid 830701:tid 830895] [client 45.86.203.57:45737] ModSecurity: Access denied with code 406 (phase 1). Match of "ipMatch 127.0.0.1" against "REMOTE_ADDR" required. [file "/opt/mod_security/hg_rules.conf"] [line "1461"] [id "909116"] [msg "Golang default UA"] [hostname "serrawireless.com"] [uri "/file.php"] [unique_id "alxdccu1nEoSSDHiOXa6GQAAAUo"]
[Sat Jul 18 23:15:29.591209 2026] [security2:error] [pid 830701:tid 830910] [client 31.171.130.2:50085] ModSecurity: Access denied with code 406 (phase 1). Match of "ipMatch 127.0.0.1" against "REMOTE_ADDR" required. [file "/opt/mod_security/hg_rules.conf"] [line "1461"] [id "909116"] [msg "Golang default UA"] [hostname "waterproofgoods.com"] [uri "/zwso.php"] [unique_id "alxdccu1nEoSSDHiOXa6GgAAAVk"]
[Sat Jul 18 23:15:29.631645 2026] [security2:error] [pid 831031:tid 831197] [client 4.194.24.143:21822] ModSecurity: Access denied with code 409 (phase 1). RBL lookup of 143.24.194.4.vulnscan.websitewelcome.com succeeded at REMOTE_ADDR. [file "/opt/mod_security/hg_rules.conf"] [line "1566"] [id "900933"] [msg "Vulnerability Scan RBL: vulnscan.websitewelcome.com"] [hostname "markmoseleycelebritygolf.org"] [uri "/size.php"] [unique_id "alxdcZnU1ySsD4Tkeg4ZqQAAAbI"]
[Sat Jul 18 23:15:29.650869 2026] [security2:error] [pid 830701:tid 830868] [client 31.171.130.13:42521] ModSecurity: Access denied with code 406 (phase 1). Match of "ipMatch 127.0.0.1" against "REMOTE_ADDR" required. [file "/opt/mod_security/hg_rules.conf"] [line "1461"] [id "909116"] [msg "Golang default UA"] [hostname "autodiscover.waterproofgoods.com"] [uri "/wp-content/plugins/hellopress/wp_mna.php"] [unique_id "alxdccu1nEoSSDHiOXa6HAAAAS8"]
[Sat Jul 18 23:15:29.689631 2026] [security2:error] [pid 830701:tid 830920] [client 31.171.130.2:47671] ModSecurity: Access denied with code 406 (phase 1). Match of "ipMatch 127.0.0.1" against "REMOTE_ADDR" required. [file "/opt/mod_security/hg_rules.conf"] [line "1461"] [id "909116"] [msg "Golang default UA"] [hostname "webmail.waterproofgoods.com"] [uri "/zwso.php"] [unique_id "alxdccu1nEoSSDHiOXa6IAAAAWM"]
[Sat Jul 18 23:15:29.701897 2026] [security2:error] [pid 831031:tid 831263] [client 31.171.130.24:36731] ModSecurity: Access denied with code 406 (phase 1). Match of "ipMatch 127.0.0.1" against "REMOTE_ADDR" required. [file "/opt/mod_security/hg_rules.conf"] [line "1461"] [id "909116"] [msg "Golang default UA"] [hostname "webdisk.waterproofgoods.com"] [uri "/bolt.php"] [unique_id "alxdcZnU1ySsD4Tkeg4ZrAAAAfQ"]
[Sat Jul 18 23:15:29.702644 2026] [security2:error] [pid 831031:tid 831237] [client 31.171.130.27:35653] ModSecurity: Access denied with code 406 (phase 1). Match of "ipMatch 127.0.0.1" against "REMOTE_ADDR" required. [file "/opt/mod_security/hg_rules.conf"] [line "1461"] [id "909116"] [msg "Golang default UA"] [hostname "waterproofgoods.bln.noq.mybluehost.me"] [uri "/zwso.php"] [unique_id "alxdcZnU1ySsD4Tkeg4ZrQAAAdo"]
[Sat Jul 18 23:15:29.703386 2026] [security2:error] [pid 831031:tid 831224] [client 31.171.130.22:41749] ModSecurity: Access denied with code 406 (phase 1). Match of "ipMatch 127.0.0.1" against "REMOTE_ADDR" required. [file "/opt/mod_security/hg_rules.conf"] [line "1461"] [id "909116"] [msg "Golang default UA"] [hostname "mail.waterproofgoods.com"] [uri "/bolt.php"] [unique_id "alxdcZnU1ySsD4Tkeg4ZrgAAAc0"]
[Sat Jul 18 23:15:30.024719 2026] [security2:error] [pid 830701:tid 830957] [client 31.171.130.18:43281] ModSecurity: Access denied with code 406 (phase 1). Match of "ipMatch 127.0.0.1" against "REMOTE_ADDR" required. [file "/opt/mod_security/hg_rules.conf"] [line "1461"] [id "909116"] [msg "Golang default UA"] [hostname "cpcontacts.waterproofgoods.com"] [uri "/cjfuns.php"] [unique_id "alxdcsu1nEoSSDHiOXa6JAAAAYg"]
[Sat Jul 18 23:15:30.031604 2026] [security2:error] [pid 831031:tid 831165] [client 31.171.130.48:34739] ModSecurity: Access denied with code 406 (phase 1). Match of "ipMatch 127.0.0.1" against "REMOTE_ADDR" required. [file "/opt/mod_security/hg_rules.conf"] [line "1461"] [id "909116"] [msg "Golang default UA"] [hostname "cpcalendars.waterproofgoods.com"] [uri "/wp-content/plugins/hellopress/wp_mna.php"] [unique_id "alxdcpnU1ySsD4Tkeg4ZvwAAAZI"]
[Sat Jul 18 23:15:30.031897 2026] [security2:error] [pid 831031:tid 831274] [client 31.171.130.23:57221] ModSecurity: Access denied with code 406 (phase 1). Match of "ipMatch 127.0.0.1" against "REMOTE_ADDR" required. [file "/opt/mod_security/hg_rules.conf"] [line "1461"] [id "909116"] [msg "Golang default UA"] [hostname "cpanel.waterproofgoods.com"] [uri "/bolt.php"] [unique_id "alxdcpnU1ySsD4Tkeg4ZwAAAAf8"]
[Sat Jul 18 23:15:30.137434 2026] [security2:error] [pid 830701:tid 830788] [remote 31.42.184.154:44962] ModSecurity: Access denied with code 409 (phase 1). RBL lookup of 154.184.42.31.testwprbl.websitewelcome.com succeeded at REMOTE_ADDR. [file "/opt/mod_security/hg_rules.conf"] [line "176"] [id "900407"] [msg "Wordpress and Joomla Brute RBL: testwprbl.websitewelcome.com"] [hostname "toddnielsen.com"] [uri "/wp-login.php"] [unique_id "alxdcsu1nEoSSDHiOXa6JwABDlY"], referer: https://toddnielsen.com/wp-login.php
[Sat Jul 18 23:15:30.187860 2026] [security2:error] [pid 830701:tid 830879] [client 4.194.24.143:28681] ModSecurity: Access denied with code 409 (phase 1). RBL lookup of 143.24.194.4.vulnscan.websitewelcome.com succeeded at REMOTE_ADDR. [file "/opt/mod_security/hg_rules.conf"] [line "1566"] [id "900933"] [msg "Vulnerability Scan RBL: vulnscan.websitewelcome.com"] [hostname "markmoseleycelebritygolf.org"] [uri "/sm.php"] [unique_id "alxdcsu1nEoSSDHiOXa6KQAAATo"]
[Sat Jul 18 23:15:30.246967 2026] [security2:error] [pid 831031:tid 831245] [client 31.171.130.13:62263] ModSecurity: Access denied with code 406 (phase 1). Match of "ipMatch 127.0.0.1" against "REMOTE_ADDR" required. [file "/opt/mod_security/hg_rules.conf"] [line "1461"] [id "909116"] [msg "Golang default UA"] [hostname "autodiscover.waterproofgoods.com"] [uri "/bolt.php"] [unique_id "alxdcpnU1ySsD4Tkeg4ZyQAAAeI"]
[Sat Jul 18 23:15:30.280080 2026] [security2:error] [pid 831031:tid 831183] [client 31.171.130.28:46347] ModSecurity: Access denied with code 406 (phase 1). Match of "ipMatch 127.0.0.1" against "REMOTE_ADDR" required. [file "/opt/mod_security/hg_rules.conf"] [line "1461"] [id "909116"] [msg "Golang default UA"] [hostname "webmail.waterproofgoods.com"] [uri "/wp-content/plugins/hellopress/wp_mna.php"] [unique_id "alxdcpnU1ySsD4Tkeg4ZzAAAAaQ"]
[Sat Jul 18 23:15:30.294272 2026] [security2:error] [pid 831031:tid 831273] [client 31.171.130.16:50949] ModSecurity: Access denied with code 406 (phase 1). Match of "ipMatch 127.0.0.1" against "REMOTE_ADDR" required. [file "/opt/mod_security/hg_rules.conf"] [line "1461"] [id "909116"] [msg "Golang default UA"] [hostname "mail.waterproofgoods.com"] [uri "/cjfuns.php"] [unique_id "alxdcpnU1ySsD4Tkeg4ZzgAAAf4"]
[Sat Jul 18 23:15:30.309435 2026] [security2:error] [pid 830701:tid 830877] [client 31.171.130.47:46243] ModSecurity: Access denied with code 406 (phase 1). Match of "ipMatch 127.0.0.1" against "REMOTE_ADDR" required. [file "/opt/mod_security/hg_rules.conf"] [line "1461"] [id "909116"] [msg "Golang default UA"] [hostname "waterproofgoods.com"] [uri "/wp-content/plugins/hellopress/wp_mna.php"] [unique_id "alxdcsu1nEoSSDHiOXa6NAAAATg"]
[Sat Jul 18 23:15:30.311676 2026] [security2:error] [pid 831031:tid 831190] [client 31.171.130.45:63301] ModSecurity: Access denied with code 406 (phase 1). Match of "ipMatch 127.0.0.1" against "REMOTE_ADDR" required. [file "/opt/mod_security/hg_rules.conf"] [line "1461"] [id "909116"] [msg "Golang default UA"] [hostname "webdisk.waterproofgoods.com"] [uri "/cjfuns.php"] [unique_id "alxdcpnU1ySsD4Tkeg4Z0AAAAas"]
[Sat Jul 18 23:15:30.319683 2026] [security2:error] [pid 830701:tid 830931] [client 31.171.130.3:36293] ModSecurity: Access denied with code 406 (phase 1). Match of "ipMatch 127.0.0.1" against "REMOTE_ADDR" required. [file "/opt/mod_security/hg_rules.conf"] [line "1461"] [id "909116"] [msg "Golang default UA"] [hostname "waterproofgoods.bln.noq.mybluehost.me"] [uri "/wp-content/plugins/hellopress/wp_mna.php"] [unique_id "alxdcsu1nEoSSDHiOXa6NgAAAW4"]
[Sat Jul 18 23:15:30.710650 2026] [security2:error] [pid 830701:tid 830925] [client 31.171.130.12:31113] ModSecurity: Access denied with code 406 (phase 1). Match of "ipMatch 127.0.0.1" against "REMOTE_ADDR" required. [file "/opt/mod_security/hg_rules.conf"] [line "1461"] [id "909116"] [msg "Golang default UA"] [hostname "cpcalendars.waterproofgoods.com"] [uri "/bolt.php"] [unique_id "alxdcsu1nEoSSDHiOXa6QgAAAWg"]
[Sat Jul 18 23:15:30.711238 2026] [security2:error] [pid 830701:tid 830890] [client 31.171.130.49:52105] ModSecurity: Access denied with code 406 (phase 1). Match of "ipMatch 127.0.0.1" against "REMOTE_ADDR" required. [file "/opt/mod_security/hg_rules.conf"] [line "1461"] [id "909116"] [msg "Golang default UA"] [hostname "cpcontacts.waterproofgoods.com"] [uri "/wp-admin/css/index.php"] [unique_id "alxdcsu1nEoSSDHiOXa6QwAAAUU"]
[Sat Jul 18 23:15:30.731061 2026] [security2:error] [pid 830701:tid 830932] [client 4.194.24.143:27435] ModSecurity: Access denied with code 409 (phase 1). RBL lookup of 143.24.194.4.vulnscan.websitewelcome.com succeeded at REMOTE_ADDR. [file "/opt/mod_security/hg_rules.conf"] [line "1566"] [id "900933"] [msg "Vulnerability Scan RBL: vulnscan.websitewelcome.com"] [hostname "markmoseleycelebritygolf.org"] [uri "/sql.php"] [unique_id "alxdcsu1nEoSSDHiOXa6RAAAAW8"]
[Sat Jul 18 23:15:30.734454 2026] [security2:error] [pid 830701:tid 830874] [client 31.171.130.42:40109] ModSecurity: Access denied with code 406 (phase 1). Match of "ipMatch 127.0.0.1" against "REMOTE_ADDR" required. [file "/opt/mod_security/hg_rules.conf"] [line "1461"] [id "909116"] [msg "Golang default UA"] [hostname "cpanel.waterproofgoods.com"] [uri "/cjfuns.php"] [unique_id "alxdcsu1nEoSSDHiOXa6RQAAATU"]
[Sat Jul 18 23:15:30.822966 2026] [security2:error] [pid 830701:tid 830864] [client 31.171.130.11:53573] ModSecurity: Access denied with code 406 (phase 1). Match of "ipMatch 127.0.0.1" against "REMOTE_ADDR" required. [file "/opt/mod_security/hg_rules.conf"] [line "1461"] [id "909116"] [msg "Golang default UA"] [hostname "autodiscover.waterproofgoods.com"] [uri "/cjfuns.php"] [unique_id "alxdcsu1nEoSSDHiOXa6SgAAASs"]
[Sat Jul 18 23:15:30.938259 2026] [security2:error] [pid 831031:tid 831272] [client 45.86.203.57:48211] ModSecurity: Access denied with code 406 (phase 1). Match of "ipMatch 127.0.0.1" against "REMOTE_ADDR" required. [file "/opt/mod_security/hg_rules.conf"] [line "1461"] [id "909116"] [msg "Golang default UA"] [hostname "serrawireless.com"] [uri "/flower.php"] [unique_id "alxdcpnU1ySsD4Tkeg4Z6AAAAf0"]
[Sat Jul 18 23:15:30.983867 2026] [security2:error] [pid 831031:tid 831196] [client 31.171.130.12:33447] ModSecurity: Access denied with code 406 (phase 1). Match of "ipMatch 127.0.0.1" against "REMOTE_ADDR" required. [file "/opt/mod_security/hg_rules.conf"] [line "1461"] [id "909116"] [msg "Golang default UA"] [hostname "waterproofgoods.bln.noq.mybluehost.me"] [uri "/bolt.php"] [unique_id "alxdcpnU1ySsD4Tkeg4Z6wAAAbE"]
[Sat Jul 18 23:15:31.001922 2026] [security2:error] [pid 831031:tid 831250] [client 31.171.130.33:41975] ModSecurity: Access denied with code 406 (phase 1). Match of "ipMatch 127.0.0.1" against "REMOTE_ADDR" required. [file "/opt/mod_security/hg_rules.conf"] [line "1461"] [id "909116"] [msg "Golang default UA"] [hostname "webdisk.waterproofgoods.com"] [uri "/wp-admin/css/index.php"] [unique_id "alxdc5nU1ySsD4Tkeg4Z7AAAAec"]
[Sat Jul 18 23:15:31.001937 2026] [security2:error] [pid 830701:tid 830913] [client 31.171.130.31:64483] ModSecurity: Access denied with code 406 (phase 1). Match of "ipMatch 127.0.0.1" against "REMOTE_ADDR" required. [file "/opt/mod_security/hg_rules.conf"] [line "1461"] [id "909116"] [msg "Golang default UA"] [hostname "webmail.waterproofgoods.com"] [uri "/bolt.php"] [unique_id "alxdc8u1nEoSSDHiOXa6UwAAAVw"]
[Sat Jul 18 23:15:31.010267 2026] [security2:error] [pid 831031:tid 831199] [client 31.171.130.29:38911] ModSecurity: Access denied with code 406 (phase 1). Match of "ipMatch 127.0.0.1" against "REMOTE_ADDR" required. [file "/opt/mod_security/hg_rules.conf"] [line "1461"] [id "909116"] [msg "Golang default UA"] [hostname "mail.waterproofgoods.com"] [uri "/wp-admin/css/index.php"] [unique_id "alxdc5nU1ySsD4Tkeg4Z7QAAAbQ"]
[Sat Jul 18 23:15:31.011344 2026] [security2:error] [pid 831031:tid 831229] [client 31.171.130.42:25129] ModSecurity: Access denied with code 406 (phase 1). Match of "ipMatch 127.0.0.1" against "REMOTE_ADDR" required. [file "/opt/mod_security/hg_rules.conf"] [line "1461"] [id "909116"] [msg "Golang default UA"] [hostname "waterproofgoods.com"] [uri "/bolt.php"] [unique_id "alxdc5nU1ySsD4Tkeg4Z7wAAAdI"]
[Sat Jul 18 23:15:31.030226 2026] [security2:error] [pid 831031:tid 831142] [remote 199.189.225.167:63221] ModSecurity: Access denied with code 409 (phase 1). RBL lookup of 167.225.189.199.testwprbl.websitewelcome.com succeeded at REMOTE_ADDR. [file "/opt/mod_security/hg_rules.conf"] [line "176"] [id "900407"] [msg "Wordpress and Joomla Brute RBL: testwprbl.websitewelcome.com"] [hostname "villa-m-medjugorje.com"] [uri "/xmlrpc.php"] [unique_id "alxdc5nU1ySsD4Tkeg4Z8QABoW0"]
[Sat Jul 18 23:15:31.030373 2026] [security2:error] [pid 831031:tid 831180] [client 199.189.225.167:63221] ModSecurity: Warning. Pattern match "POST" at REQUEST_METHOD. [file "/opt/mod_security/hg_rules.conf"] [line "151"] [id "900405"] [msg "xmlrpc POST logging"] [data "409"] [hostname "villa-m-medjugorje.com"] [uri "/xmlrpc.php"] [unique_id "alxdc5nU1ySsD4Tkeg4Z8QABoW0"]
[Sat Jul 18 23:15:31.177968 2026] [security2:error] [pid 830701:tid 830859] [client 124.29.207.185:56155] ModSecurity: Access denied with code 409 (phase 1). RBL lookup of 185.207.29.124.testwprbl.websitewelcome.com succeeded at REMOTE_ADDR. [file "/opt/mod_security/hg_rules.conf"] [line "176"] [id "900407"] [msg "Wordpress and Joomla Brute RBL: testwprbl.websitewelcome.com"] [hostname "factsandminds.com"] [uri "/xmlrpc.php"] [unique_id "alxdc8u1nEoSSDHiOXa6WAAAASY"]
[Sat Jul 18 23:15:31.178111 2026] [security2:error] [pid 830701:tid 830859] [client 124.29.207.185:56155] ModSecurity: Warning. Pattern match "POST" at REQUEST_METHOD. [file "/opt/mod_security/hg_rules.conf"] [line "151"] [id "900405"] [msg "xmlrpc POST logging"] [data "409"] [hostname "factsandminds.com"] [uri "/xmlrpc.php"] [unique_id "alxdc8u1nEoSSDHiOXa6WAAAASY"]
[Sat Jul 18 23:15:31.214508 2026] [security2:error] [pid 831031:tid 831274] [client 31.171.130.30:61557] ModSecurity: Access denied with code 406 (phase 1). Match of "ipMatch 127.0.0.1" against "REMOTE_ADDR" required. [file "/opt/mod_security/hg_rules.conf"] [line "1461"] [id "909116"] [msg "Golang default UA"] [hostname "cpcontacts.waterproofgoods.com"] [uri "/wp-content/plugins/index.php"] [unique_id "alxdc5nU1ySsD4Tkeg4Z-wAAAf8"]
[Sat Jul 18 23:15:31.242074 2026] [security2:error] [pid 831031:tid 831162] [client 31.171.130.18:58693] ModSecurity: Access denied with code 406 (phase 1). Match of "ipMatch 127.0.0.1" against "REMOTE_ADDR" required. [file "/opt/mod_security/hg_rules.conf"] [line "1461"] [id "909116"] [msg "Golang default UA"] [hostname "cpcalendars.waterproofgoods.com"] [uri "/cjfuns.php"] [unique_id "alxdc5nU1ySsD4Tkeg4Z_QAAAY8"]
[Sat Jul 18 23:15:31.245212 2026] [security2:error] [pid 831031:tid 831177] [client 31.171.130.17:46623] ModSecurity: Access denied with code 406 (phase 1). Match of "ipMatch 127.0.0.1" against "REMOTE_ADDR" required. [file "/opt/mod_security/hg_rules.conf"] [line "1461"] [id "909116"] [msg "Golang default UA"] [hostname "cpanel.waterproofgoods.com"] [uri "/wp-admin/css/index.php"] [unique_id "alxdc5nU1ySsD4Tkeg4Z_gAAAZ4"]
[Sat Jul 18 23:15:31.274341 2026] [security2:error] [pid 831031:tid 831235] [client 4.194.24.143:20549] ModSecurity: Access denied with code 409 (phase 1). RBL lookup of 143.24.194.4.vulnscan.websitewelcome.com succeeded at REMOTE_ADDR. [file "/opt/mod_security/hg_rules.conf"] [line "1566"] [id "900933"] [msg "Vulnerability Scan RBL: vulnscan.websitewelcome.com"] [hostname "markmoseleycelebritygolf.org"] [uri "/ss.php"] [unique_id "alxdc5nU1ySsD4Tkeg4aAAAAAdg"]
[Sat Jul 18 23:15:31.312223 2026] [security2:error] [pid 831031:tid 831164] [client 31.171.130.9:38319] ModSecurity: Access denied with code 406 (phase 1). Match of "ipMatch 127.0.0.1" against "REMOTE_ADDR" required. [file "/opt/mod_security/hg_rules.conf"] [line "1461"] [id "909116"] [msg "Golang default UA"] [hostname "autodiscover.waterproofgoods.com"] [uri "/wp-admin/css/index.php"] [unique_id "alxdc5nU1ySsD4Tkeg4aAQAAAZE"]
[Sat Jul 18 23:15:31.528382 2026] [security2:error] [pid 831031:tid 831182] [client 66.228.34.49:0] ModSecurity: Warning. Matched phrase "Sucuri" at REQUEST_HEADERS:User-Agent. [file "/opt/mod_security/hg_rules.conf"] [line "168"] [id "350001"] [msg "BAD BOT - Detected LOGGING"] [data "404"] [hostname "youpositive.co"] [uri "/cgi-sys/404.html"] [unique_id "alxdc5nU1ySsD4Tkeg4aEwAAAaM"]
[Sat Jul 18 23:15:31.586299 2026] [security2:error] [pid 831031:tid 831208] [client 31.171.130.23:47941] ModSecurity: Access denied with code 406 (phase 1). Match of "ipMatch 127.0.0.1" against "REMOTE_ADDR" required. [file "/opt/mod_security/hg_rules.conf"] [line "1461"] [id "909116"] [msg "Golang default UA"] [hostname "waterproofgoods.bln.noq.mybluehost.me"] [uri "/cjfuns.php"] [unique_id "alxdc5nU1ySsD4Tkeg4aFAAAAb0"]
[Sat Jul 18 23:15:31.630822 2026] [security2:error] [pid 831031:tid 831253] [client 31.171.130.10:42843] ModSecurity: Access denied with code 406 (phase 1). Match of "ipMatch 127.0.0.1" against "REMOTE_ADDR" required. [file "/opt/mod_security/hg_rules.conf"] [line "1461"] [id "909116"] [msg "Golang default UA"] [hostname "webmail.waterproofgoods.com"] [uri "/cjfuns.php"] [unique_id "alxdc5nU1ySsD4Tkeg4aFgAAAeo"]
[Sat Jul 18 23:15:31.634452 2026] [security2:error] [pid 831031:tid 831178] [client 31.171.130.40:46617] ModSecurity: Access denied with code 406 (phase 1). Match of "ipMatch 127.0.0.1" against "REMOTE_ADDR" required. [file "/opt/mod_security/hg_rules.conf"] [line "1461"] [id "909116"] [msg "Golang default UA"] [hostname "webdisk.waterproofgoods.com"] [uri "/wp-content/plugins/index.php"] [unique_id "alxdc5nU1ySsD4Tkeg4aFwAAAZ8"]
[Sat Jul 18 23:15:31.697567 2026] [security2:error] [pid 831031:tid 831227] [client 171.4.232.110:35185] ModSecurity: Access denied with code 409 (phase 1). RBL lookup of 110.232.4.171.testwprbl.websitewelcome.com succeeded at REMOTE_ADDR. [file "/opt/mod_security/hg_rules.conf"] [line "176"] [id "900407"] [msg "Wordpress and Joomla Brute RBL: testwprbl.websitewelcome.com"] [hostname "nicherealestate.co"] [uri "/xmlrpc.php"] [unique_id "alxdc5nU1ySsD4Tkeg4aGAAAAdA"]
[Sat Jul 18 23:15:31.697708 2026] [security2:error] [pid 831031:tid 831227] [client 171.4.232.110:35185] ModSecurity: Warning. Pattern match "POST" at REQUEST_METHOD. [file "/opt/mod_security/hg_rules.conf"] [line "151"] [id "900405"] [msg "xmlrpc POST logging"] [data "409"] [hostname "nicherealestate.co"] [uri "/xmlrpc.php"] [unique_id "alxdc5nU1ySsD4Tkeg4aGAAAAdA"]
[Sat Jul 18 23:15:31.773416 2026] [security2:error] [pid 830701:tid 830938] [client 31.171.130.14:29147] ModSecurity: Access denied with code 406 (phase 1). Match of "ipMatch 127.0.0.1" against "REMOTE_ADDR" required. [file "/opt/mod_security/hg_rules.conf"] [line "1461"] [id "909116"] [msg "Golang default UA"] [hostname "mail.waterproofgoods.com"] [uri "/wp-content/plugins/index.php"] [unique_id "alxdc8u1nEoSSDHiOXa6ZwAAAXU"]
[Sat Jul 18 23:15:31.792925 2026] [security2:error] [pid 830701:tid 830931] [client 31.171.130.15:43271] ModSecurity: Access denied with code 406 (phase 1). Match of "ipMatch 127.0.0.1" against "REMOTE_ADDR" required. [file "/opt/mod_security/hg_rules.conf"] [line "1461"] [id "909116"] [msg "Golang default UA"] [hostname "waterproofgoods.com"] [uri "/cjfuns.php"] [unique_id "alxdc8u1nEoSSDHiOXa6agAAAW4"]
[Sat Jul 18 23:15:31.800633 2026] [security2:error] [pid 831031:tid 831232] [client 31.171.130.51:21779] ModSecurity: Access denied with code 406 (phase 1). Match of "ipMatch 127.0.0.1" against "REMOTE_ADDR" required. [file "/opt/mod_security/hg_rules.conf"] [line "1461"] [id "909116"] [msg "Golang default UA"] [hostname "cpanel.waterproofgoods.com"] [uri "/wp-content/plugins/index.php"] [unique_id "alxdc5nU1ySsD4Tkeg4aIAAAAdU"]
[Sat Jul 18 23:15:31.802337 2026] [security2:error] [pid 831031:tid 831201] [client 31.171.130.48:33629] ModSecurity: Access denied with code 406 (phase 1). Match of "ipMatch 127.0.0.1" against "REMOTE_ADDR" required. [file "/opt/mod_security/hg_rules.conf"] [line "1461"] [id "909116"] [msg "Golang default UA"] [hostname "cpcalendars.waterproofgoods.com"] [uri "/wp-admin/css/index.php"] [unique_id "alxdc5nU1ySsD4Tkeg4aIQAAAbY"]
[Sat Jul 18 23:15:31.847810 2026] [security2:error] [pid 831031:tid 831192] [client 4.194.24.143:22030] ModSecurity: Access denied with code 409 (phase 1). RBL lookup of 143.24.194.4.vulnscan.websitewelcome.com succeeded at REMOTE_ADDR. [file "/opt/mod_security/hg_rules.conf"] [line "1566"] [id "900933"] [msg "Vulnerability Scan RBL: vulnscan.websitewelcome.com"] [hostname "markmoseleycelebritygolf.org"] [uri "/stats.php"] [unique_id "alxdc5nU1ySsD4Tkeg4aIgAAAa0"]
[Sat Jul 18 23:15:32.080571 2026] [security2:error] [pid 831031:tid 831273] [client 31.171.130.29:51515] ModSecurity: Access denied with code 406 (phase 1). Match of "ipMatch 127.0.0.1" against "REMOTE_ADDR" required. [file "/opt/mod_security/hg_rules.conf"] [line "1461"] [id "909116"] [msg "Golang default UA"] [hostname "autodiscover.waterproofgoods.com"] [uri "/wp-content/plugins/index.php"] [unique_id "alxddJnU1ySsD4Tkeg4aNwAAAf4"]
[Sat Jul 18 23:15:32.146932 2026] [security2:error] [pid 830701:tid 830875] [client 223.185.61.63:27143] ModSecurity: Access denied with code 409 (phase 1). RBL lookup of 63.61.185.223.testwprbl.websitewelcome.com succeeded at REMOTE_ADDR. [file "/opt/mod_security/hg_rules.conf"] [line "176"] [id "900407"] [msg "Wordpress and Joomla Brute RBL: testwprbl.websitewelcome.com"] [hostname "lizrichter.com.au"] [uri "/xmlrpc.php"] [unique_id "alxddMu1nEoSSDHiOXa6dQAAATY"]
[Sat Jul 18 23:15:32.147052 2026] [security2:error] [pid 830701:tid 830875] [client 223.185.61.63:27143] ModSecurity: Warning. Pattern match "POST" at REQUEST_METHOD. [file "/opt/mod_security/hg_rules.conf"] [line "151"] [id "900405"] [msg "xmlrpc POST logging"] [data "409"] [hostname "lizrichter.com.au"] [uri "/xmlrpc.php"] [unique_id "alxddMu1nEoSSDHiOXa6dQAAATY"]
[Sat Jul 18 23:15:32.228001 2026] [security2:error] [pid 831031:tid 831278] [client 45.86.203.66:50537] ModSecurity: Access denied with code 406 (phase 1). Match of "ipMatch 127.0.0.1" against "REMOTE_ADDR" required. [file "/opt/mod_security/hg_rules.conf"] [line "1461"] [id "909116"] [msg "Golang default UA"] [hostname "serrawireless.com"] [uri "/gifclass.php"] [unique_id "alxddJnU1ySsD4Tkeg4aOQAAAgM"]
[Sat Jul 18 23:15:32.409003 2026] [security2:error] [pid 831031:tid 831241] [client 4.194.24.143:20556] ModSecurity: Access denied with code 409 (phase 1). RBL lookup of 143.24.194.4.vulnscan.websitewelcome.com succeeded at REMOTE_ADDR. [file "/opt/mod_security/hg_rules.conf"] [line "1566"] [id "900933"] [msg "Vulnerability Scan RBL: vulnscan.websitewelcome.com"] [hostname "markmoseleycelebritygolf.org"] [uri "/sump1.php"] [unique_id "alxddJnU1ySsD4Tkeg4aRQAAAd4"]
[Sat Jul 18 23:15:32.500153 2026] [security2:error] [pid 831031:tid 831194] [client 74.7.227.179:58648] ModSecurity: Warning. Pattern match "301|404|302" at RESPONSE_STATUS. [file "/opt/mod_security/hg_rules.conf"] [line "1570"] [id "900934"] [msg "404 php LOGGING"] [data "404"] [hostname "tejasenvironmental.com"] [uri "/index.php"] [unique_id "alxddJnU1ySsD4Tkeg4aQwABr3g"], referer: https://tejasenvironmental.com/p=551497
[Sat Jul 18 23:15:32.571853 2026] [security2:error] [pid 831031:tid 831236] [client 31.171.130.31:42225] ModSecurity: Access denied with code 406 (phase 1). Match of "ipMatch 127.0.0.1" against "REMOTE_ADDR" required. [file "/opt/mod_security/hg_rules.conf"] [line "1461"] [id "909116"] [msg "Golang default UA"] [hostname "autodiscover.waterproofgoods.com"] [uri "/wp-content/index.php"] [unique_id "alxddJnU1ySsD4Tkeg4aSgAAAdk"]
[Sat Jul 18 23:15:32.653106 2026] [security2:error] [pid 830701:tid 830855] [client 52.20.85.108:0] ModSecurity: Warning. Pattern match "301|404|302" at RESPONSE_STATUS. [file "/opt/mod_security/hg_rules.conf"] [line "1570"] [id "900934"] [msg "404 php LOGGING"] [data "301"] [hostname "www.aleishapenny.ca"] [uri "/index.php"] [unique_id "alxddMu1nEoSSDHiOXa6fAABImM"]
[Sat Jul 18 23:15:32.758389 2026] [security2:error] [pid 831031:tid 831242] [client 217.181.91.199:24197] ModSecurity: Access denied with code 409 (phase 1). RBL lookup of 199.91.181.217.testwprbl.websitewelcome.com succeeded at REMOTE_ADDR. [file "/opt/mod_security/hg_rules.conf"] [line "176"] [id "900407"] [msg "Wordpress and Joomla Brute RBL: testwprbl.websitewelcome.com"] [hostname "cathyspeed.org"] [uri "/xmlrpc.php"] [unique_id "alxddJnU1ySsD4Tkeg4aUQAAAd8"], referer: https://www.google.com/
[Sat Jul 18 23:15:32.764357 2026] [security2:error] [pid 830701:tid 830893] [client 31.171.130.28:55661] ModSecurity: Access denied with code 406 (phase 1). Match of "ipMatch 127.0.0.1" against "REMOTE_ADDR" required. [file "/opt/mod_security/hg_rules.conf"] [line "1461"] [id "909116"] [msg "Golang default UA"] [hostname "cpcontacts.waterproofgoods.com"] [uri "/wp-content/index.php"] [unique_id "alxddMu1nEoSSDHiOXa6ggAAAUg"]
[Sat Jul 18 23:15:32.899201 2026] [security2:error] [pid 831031:tid 831179] [client 31.171.130.52:33581] ModSecurity: Access denied with code 406 (phase 1). Match of "ipMatch 127.0.0.1" against "REMOTE_ADDR" required. [file "/opt/mod_security/hg_rules.conf"] [line "1461"] [id "909116"] [msg "Golang default UA"] [hostname "webmail.waterproofgoods.com"] [uri "/wp-admin/css/index.php"] [unique_id "alxddJnU1ySsD4Tkeg4aWQAAAaA"]
[Sat Jul 18 23:15:32.907091 2026] [security2:error] [pid 831031:tid 831237] [client 31.171.130.16:49885] ModSecurity: Access denied with code 406 (phase 1). Match of "ipMatch 127.0.0.1" against "REMOTE_ADDR" required. [file "/opt/mod_security/hg_rules.conf"] [line "1461"] [id "909116"] [msg "Golang default UA"] [hostname "webdisk.waterproofgoods.com"] [uri "/wp-content/index.php"] [unique_id "alxddJnU1ySsD4Tkeg4aWwAAAdo"]
[Sat Jul 18 23:15:32.948975 2026] [security2:error] [pid 830701:tid 830874] [client 31.171.130.29:64221] ModSecurity: Access denied with code 406 (phase 1). Match of "ipMatch 127.0.0.1" against "REMOTE_ADDR" required. [file "/opt/mod_security/hg_rules.conf"] [line "1461"] [id "909116"] [msg "Golang default UA"] [hostname "mail.waterproofgoods.com"] [uri "/wp-content/index.php"] [unique_id "alxddMu1nEoSSDHiOXa6iQAAATU"]
[Sat Jul 18 23:15:32.952792 2026] [security2:error] [pid 830701:tid 830863] [client 31.171.130.46:45683] ModSecurity: Access denied with code 406 (phase 1). Match of "ipMatch 127.0.0.1" against "REMOTE_ADDR" required. [file "/opt/mod_security/hg_rules.conf"] [line "1461"] [id "909116"] [msg "Golang default UA"] [hostname "cpanel.waterproofgoods.com"] [uri "/wp-content/index.php"] [unique_id "alxddMu1nEoSSDHiOXa6iwAAASo"]
