[Mon Jul 20 06:02:07.182569 2026] [security2:error] [pid 796567:tid 796817] [client 2607:fb92:d82:c071:6811:72b1:148d:8de3:0] ModSecurity: Warning. Pattern match "POST" at REQUEST_METHOD. [file "/opt/mod_security/hg_rules.conf"] [line "151"] [id "900405"] [msg "xmlrpc POST logging"] [data "406"] [hostname "aleishapenny.ca"] [uri "/xmlrpc.php"] [unique_id "al4OP7LfyzVz2SrjZpiWBgACjD8"]
[Mon Jul 20 06:02:07.259771 2026] [security2:error] [pid 796567:tid 796707] [client 18.228.171.129:61290] ModSecurity: Access denied with code 409 (phase 1). RBL lookup of 129.171.228.18.testwprbl.websitewelcome.com succeeded at REMOTE_ADDR. [file "/opt/mod_security/hg_rules.conf"] [line "176"] [id "900407"] [msg "Wordpress and Joomla Brute RBL: testwprbl.websitewelcome.com"] [hostname "cryptomeaning.com"] [uri "/xmlrpc.php"] [unique_id "al4OP7LfyzVz2SrjZpiWIQAAAh4"]
[Mon Jul 20 06:02:07.259941 2026] [security2:error] [pid 796567:tid 796707] [client 18.228.171.129:61290] ModSecurity: Warning. Pattern match "POST" at REQUEST_METHOD. [file "/opt/mod_security/hg_rules.conf"] [line "151"] [id "900405"] [msg "xmlrpc POST logging"] [data "409"] [hostname "cryptomeaning.com"] [uri "/xmlrpc.php"] [unique_id "al4OP7LfyzVz2SrjZpiWIQAAAh4"]
[Mon Jul 20 06:02:07.261290 2026] [security2:error] [pid 796567:tid 796640] [remote 2804:3b04:a02b:c100:d023:583d:e0ab:c768:0] ModSecurity: Access denied with code 406 (phase 2). Operator GT matched 0 at USER:bf_block. [file "/opt/mod_security/hg_rules.conf"] [line "1482"] [id "909121"] [msg "IP address blocked, too many xmlrpc.php failures"] [hostname "innovativecleaningsvs.com"] [uri "/xmlrpc.php"] [unique_id "al4OP7LfyzVz2SrjZpiWIAACM0g"]
[Mon Jul 20 06:02:07.261576 2026] [security2:error] [pid 796567:tid 796728] [client 2804:3b04:a02b:c100:d023:583d:e0ab:c768:0] ModSecurity: Warning. Pattern match "POST" at REQUEST_METHOD. [file "/opt/mod_security/hg_rules.conf"] [line "151"] [id "900405"] [msg "xmlrpc POST logging"] [data "406"] [hostname "innovativecleaningsvs.com"] [uri "/xmlrpc.php"] [unique_id "al4OP7LfyzVz2SrjZpiWIAACM0g"]
[Mon Jul 20 06:02:07.293331 2026] [security2:error] [pid 796567:tid 796729] [client 179.0.122.163:22306] ModSecurity: Access denied with code 409 (phase 1). RBL lookup of 163.122.0.179.testwprbl.websitewelcome.com succeeded at REMOTE_ADDR. [file "/opt/mod_security/hg_rules.conf"] [line "176"] [id "900407"] [msg "Wordpress and Joomla Brute RBL: testwprbl.websitewelcome.com"] [hostname "ghivs.com"] [uri "/xmlrpc.php"] [unique_id "al4OP7LfyzVz2SrjZpiWMgAAAjQ"]
[Mon Jul 20 06:02:07.293513 2026] [security2:error] [pid 796567:tid 796729] [client 179.0.122.163:22306] ModSecurity: Warning. Pattern match "POST" at REQUEST_METHOD. [file "/opt/mod_security/hg_rules.conf"] [line "151"] [id "900405"] [msg "xmlrpc POST logging"] [data "409"] [hostname "ghivs.com"] [uri "/xmlrpc.php"] [unique_id "al4OP7LfyzVz2SrjZpiWMgAAAjQ"]
[Mon Jul 20 06:02:07.302299 2026] [security2:error] [pid 796567:tid 796720] [client 114.119.136.5:39273] ModSecurity: Access denied with code 406 (phase 1). Pattern match "ZoominfoBot|NetcraftSurveyAgent|MJ12bot|(?i:BUbiNG)|D(?i:otbot)| oBot/|MegaIndex\\\\.ru|Barkrowler|Spbot|DomainCrawler|Seznam|CCBot|SiteExplorer|OpenLinkProfiler|Sogou web spider|360Spider|Semrush|Panscient|crawler\\\\.feedback([+]\\\\S+)?@gmail\\\\.com|MauiBo ..." at REQUEST_HEADERS:User-Agent. [file "/opt/mod_security/hg_rules.conf"] [line "585"] [id "999812"] [msg "Problematic Crawler"] [hostname "omenana.com"] [uri "/category/magical-realism"] [unique_id "al4OP7LfyzVz2SrjZpiWMQAAAis"], referer: https://omenana.com/category/magical-realism/page/2?filter_by=review_high
[Mon Jul 20 06:02:07.354746 2026] [security2:error] [pid 796567:tid 796803] [client 65.1.132.125:47428] ModSecurity: Access denied with code 409 (phase 1). RBL lookup of 125.132.1.65.testwprbl.websitewelcome.com succeeded at REMOTE_ADDR. [file "/opt/mod_security/hg_rules.conf"] [line "176"] [id "900407"] [msg "Wordpress and Joomla Brute RBL: testwprbl.websitewelcome.com"] [hostname "cryptomeaning.com"] [uri "/xmlrpc.php"] [unique_id "al4OP7LfyzVz2SrjZpiWQgAAAn4"]
[Mon Jul 20 06:02:07.354903 2026] [security2:error] [pid 796567:tid 796803] [client 65.1.132.125:47428] ModSecurity: Warning. Pattern match "POST" at REQUEST_METHOD. [file "/opt/mod_security/hg_rules.conf"] [line "151"] [id "900405"] [msg "xmlrpc POST logging"] [data "409"] [hostname "cryptomeaning.com"] [uri "/xmlrpc.php"] [unique_id "al4OP7LfyzVz2SrjZpiWQgAAAn4"]
[Mon Jul 20 06:02:07.366289 2026] [security2:error] [pid 796567:tid 796814] [client 193.19.109.245:58671] ModSecurity: Access denied with code 409 (phase 1). RBL lookup of 245.109.19.193.vulnscan.websitewelcome.com succeeded at REMOTE_ADDR. [file "/opt/mod_security/hg_rules.conf"] [line "1566"] [id "900933"] [msg "Vulnerability Scan RBL: vulnscan.websitewelcome.com"] [hostname "arunavabanerjee.com"] [uri "/wp-login.php"] [unique_id "al4OP7LfyzVz2SrjZpiWRwAAAok"]
[Mon Jul 20 06:02:07.388176 2026] [security2:error] [pid 796567:tid 796812] [client 193.19.109.238:29531] ModSecurity: Access denied with code 409 (phase 1). RBL lookup of 238.109.19.193.vulnscan.websitewelcome.com succeeded at REMOTE_ADDR. [file "/opt/mod_security/hg_rules.conf"] [line "1566"] [id "900933"] [msg "Vulnerability Scan RBL: vulnscan.websitewelcome.com"] [hostname "arunavabanerjee.com"] [uri "/wp-login.php"] [unique_id "al4OP7LfyzVz2SrjZpiWRgAAAoc"]
[Mon Jul 20 06:02:07.404355 2026] [security2:error] [pid 796567:tid 796749] [client 41.173.37.102:5975] ModSecurity: Access denied with code 409 (phase 1). RBL lookup of 102.37.173.41.testwprbl.websitewelcome.com succeeded at REMOTE_ADDR. [file "/opt/mod_security/hg_rules.conf"] [line "176"] [id "900407"] [msg "Wordpress and Joomla Brute RBL: testwprbl.websitewelcome.com"] [hostname "drawingthedog.com"] [uri "/xmlrpc.php"] [unique_id "al4OP7LfyzVz2SrjZpiWUQAAAkg"]
[Mon Jul 20 06:02:07.404537 2026] [security2:error] [pid 796567:tid 796749] [client 41.173.37.102:5975] ModSecurity: Warning. Pattern match "POST" at REQUEST_METHOD. [file "/opt/mod_security/hg_rules.conf"] [line "151"] [id "900405"] [msg "xmlrpc POST logging"] [data "409"] [hostname "drawingthedog.com"] [uri "/xmlrpc.php"] [unique_id "al4OP7LfyzVz2SrjZpiWUQAAAkg"]
[Mon Jul 20 06:02:07.413543 2026] [security2:error] [pid 796567:tid 796718] [client 164.100.212.184:50819] ModSecurity: Access denied with code 409 (phase 1). RBL lookup of 184.212.100.164.testwprbl.websitewelcome.com succeeded at REMOTE_ADDR. [file "/opt/mod_security/hg_rules.conf"] [line "176"] [id "900407"] [msg "Wordpress and Joomla Brute RBL: testwprbl.websitewelcome.com"] [hostname "adambergeron.com"] [uri "/xmlrpc.php"] [unique_id "al4OP7LfyzVz2SrjZpiWVQAAAik"]
[Mon Jul 20 06:02:07.413664 2026] [security2:error] [pid 796567:tid 796718] [client 164.100.212.184:50819] ModSecurity: Warning. Pattern match "POST" at REQUEST_METHOD. [file "/opt/mod_security/hg_rules.conf"] [line "151"] [id "900405"] [msg "xmlrpc POST logging"] [data "409"] [hostname "adambergeron.com"] [uri "/xmlrpc.php"] [unique_id "al4OP7LfyzVz2SrjZpiWVQAAAik"]
[Mon Jul 20 06:02:07.439976 2026] [security2:error] [pid 796567:tid 796800] [client 178.152.178.232:36324] ModSecurity: Access denied with code 409 (phase 1). RBL lookup of 232.178.152.178.testwprbl.websitewelcome.com succeeded at REMOTE_ADDR. [file "/opt/mod_security/hg_rules.conf"] [line "176"] [id "900407"] [msg "Wordpress and Joomla Brute RBL: testwprbl.websitewelcome.com"] [hostname "snctaxgroup.com"] [uri "/xmlrpc.php"] [unique_id "al4OP7LfyzVz2SrjZpiWYQAAAns"]
[Mon Jul 20 06:02:07.440111 2026] [security2:error] [pid 796567:tid 796800] [client 178.152.178.232:36324] ModSecurity: Warning. Pattern match "POST" at REQUEST_METHOD. [file "/opt/mod_security/hg_rules.conf"] [line "151"] [id "900405"] [msg "xmlrpc POST logging"] [data "409"] [hostname "snctaxgroup.com"] [uri "/xmlrpc.php"] [unique_id "al4OP7LfyzVz2SrjZpiWYQAAAns"]
[Mon Jul 20 06:02:07.451413 2026] [security2:error] [pid 796567:tid 796713] [client 181.224.94.124:12181] ModSecurity: Access denied with code 409 (phase 1). RBL lookup of 124.94.224.181.testwprbl.websitewelcome.com succeeded at REMOTE_ADDR. [file "/opt/mod_security/hg_rules.conf"] [line "176"] [id "900407"] [msg "Wordpress and Joomla Brute RBL: testwprbl.websitewelcome.com"] [hostname "709fx.com"] [uri "/xmlrpc.php"] [unique_id "al4OP7LfyzVz2SrjZpiWZQAAAiQ"]
[Mon Jul 20 06:02:07.451561 2026] [security2:error] [pid 796567:tid 796713] [client 181.224.94.124:12181] ModSecurity: Warning. Pattern match "POST" at REQUEST_METHOD. [file "/opt/mod_security/hg_rules.conf"] [line "151"] [id "900405"] [msg "xmlrpc POST logging"] [data "409"] [hostname "709fx.com"] [uri "/xmlrpc.php"] [unique_id "al4OP7LfyzVz2SrjZpiWZQAAAiQ"]
[Mon Jul 20 06:02:07.467446 2026] [security2:error] [pid 796567:tid 796650] [remote 188.166.241.141:53096] ModSecurity: Access denied with code 409 (phase 1). RBL lookup of 141.241.166.188.testwprbl.websitewelcome.com succeeded at REMOTE_ADDR. [file "/opt/mod_security/hg_rules.conf"] [line "176"] [id "900407"] [msg "Wordpress and Joomla Brute RBL: testwprbl.websitewelcome.com"] [hostname "tbd.jxc.mybluehost.me"] [uri "/wp-login.php"] [unique_id "al4OP7LfyzVz2SrjZpiWaQAChVI"]
[Mon Jul 20 06:02:07.568834 2026] [security2:error] [pid 796567:tid 796808] [client 114.119.158.83:30723] ModSecurity: Access denied with code 406 (phase 1). Pattern match "ZoominfoBot|NetcraftSurveyAgent|MJ12bot|(?i:BUbiNG)|D(?i:otbot)| oBot/|MegaIndex\\\\.ru|Barkrowler|Spbot|DomainCrawler|Seznam|CCBot|SiteExplorer|OpenLinkProfiler|Sogou web spider|360Spider|Semrush|Panscient|crawler\\\\.feedback([+]\\\\S+)?@gmail\\\\.com|MauiBo ..." at REQUEST_HEADERS:User-Agent. [file "/opt/mod_security/hg_rules.conf"] [line "585"] [id "999812"] [msg "Problematic Crawler"] [hostname "www.safe-systems.net"] [uri "/nextbit.mx/portafolio/aviato/product-single.html"] [unique_id "al4OP7LfyzVz2SrjZpiWdQAAAoM"], referer: http://www.safe-systems.net/nextbit.mx/portafolio/aviato/checkout.html
[Mon Jul 20 06:02:07.573725 2026] [security2:error] [pid 796567:tid 796819] [client 103.149.16.77:58315] ModSecurity: Access denied with code 409 (phase 1). RBL lookup of 77.16.149.103.testwprbl.websitewelcome.com succeeded at REMOTE_ADDR. [file "/opt/mod_security/hg_rules.conf"] [line "176"] [id "900407"] [msg "Wordpress and Joomla Brute RBL: testwprbl.websitewelcome.com"] [hostname "roguedragonstudio.com"] [uri "/xmlrpc.php"] [unique_id "al4OP7LfyzVz2SrjZpiWdgAAAo4"]
[Mon Jul 20 06:02:07.573891 2026] [security2:error] [pid 796567:tid 796819] [client 103.149.16.77:58315] ModSecurity: Warning. Pattern match "POST" at REQUEST_METHOD. [file "/opt/mod_security/hg_rules.conf"] [line "151"] [id "900405"] [msg "xmlrpc POST logging"] [data "409"] [hostname "roguedragonstudio.com"] [uri "/xmlrpc.php"] [unique_id "al4OP7LfyzVz2SrjZpiWdgAAAo4"]
[Mon Jul 20 06:02:07.650119 2026] [security2:error] [pid 796567:tid 796822] [client 210.212.97.243:10424] ModSecurity: Access denied with code 409 (phase 1). RBL lookup of 243.97.212.210.testwprbl.websitewelcome.com succeeded at REMOTE_ADDR. [file "/opt/mod_security/hg_rules.conf"] [line "176"] [id "900407"] [msg "Wordpress and Joomla Brute RBL: testwprbl.websitewelcome.com"] [hostname "nevelow.com"] [uri "/xmlrpc.php"] [unique_id "al4OP7LfyzVz2SrjZpiWegAAApE"]
[Mon Jul 20 06:02:07.650289 2026] [security2:error] [pid 796567:tid 796822] [client 210.212.97.243:10424] ModSecurity: Warning. Pattern match "POST" at REQUEST_METHOD. [file "/opt/mod_security/hg_rules.conf"] [line "151"] [id "900405"] [msg "xmlrpc POST logging"] [data "409"] [hostname "nevelow.com"] [uri "/xmlrpc.php"] [unique_id "al4OP7LfyzVz2SrjZpiWegAAApE"]
[Mon Jul 20 06:02:07.654316 2026] [autoindex:error] [pid 796567:tid 796816] [client 194.233.91.21:52295] AH01276: Cannot serve directory /home4/jvcmotor/public_html/wp-admin/css/: No matching DirectoryIndex (index.html.var,index.htm,index.html,index.shtml,index.xhtml,index.wml,index.perl,index.pl,index.plx,index.ppl,index.cgi,index.jsp,index.js,index.jp,index.php4,index.php3,index.php,index.phtml,default.htm,default.html,home.htm,index.php5,Default.html,Default.htm,home.html) found, and server-generated directory index forbidden by Options directive, referer: binance.com
[Mon Jul 20 06:02:07.733402 2026] [security2:error] [pid 796567:tid 796661] [remote 8.217.108.67:64246] ModSecurity: Access denied with code 409 (phase 1). RBL lookup of 67.108.217.8.testwprbl.websitewelcome.com succeeded at REMOTE_ADDR. [file "/opt/mod_security/hg_rules.conf"] [line "176"] [id "900407"] [msg "Wordpress and Joomla Brute RBL: testwprbl.websitewelcome.com"] [hostname "circafabrication.com"] [uri "/wp-login.php"] [unique_id "al4OP7LfyzVz2SrjZpiWhgACWl0"]
[Mon Jul 20 06:02:07.765186 2026] [security2:error] [pid 796567:tid 796767] [client 50.116.65.227:12512] ModSecurity: Warning. Operator EQ matched 0 at REQUEST_HEADERS. [file "/opt/mod_security/hg_rules.conf"] [line "1573"] [id "900935"] [msg "Empty User-Agent LOGGING"] [data "200"] [hostname "www.fkconstructionfunding.com"] [uri "/wp-content/plugins/contact-form-7/includes/css/styles.css"] [unique_id "al4OP7LfyzVz2SrjZpiWjQAAAlo"]
[Mon Jul 20 06:02:07.769446 2026] [security2:error] [pid 796567:tid 796820] [client 34.44.142.114:0] ModSecurity: Warning. Pattern match "301|404|302" at RESPONSE_STATUS. [file "/opt/mod_security/hg_rules.conf"] [line "1570"] [id "900934"] [msg "404 php LOGGING"] [data "301"] [hostname "timespans.org"] [uri "/index.php"] [unique_id "al4OP7LfyzVz2SrjZpiWfwAAAo8"]
[Mon Jul 20 06:02:07.783386 2026] [security2:error] [pid 796567:tid 796704] [client 129.222.187.209:4505] ModSecurity: Access denied with code 409 (phase 1). RBL lookup of 209.187.222.129.testwprbl.websitewelcome.com succeeded at REMOTE_ADDR. [file "/opt/mod_security/hg_rules.conf"] [line "176"] [id "900407"] [msg "Wordpress and Joomla Brute RBL: testwprbl.websitewelcome.com"] [hostname "sbinframx.com"] [uri "/xmlrpc.php"] [unique_id "al4OP7LfyzVz2SrjZpiWkQAAAhs"]
[Mon Jul 20 06:02:07.784415 2026] [security2:error] [pid 796567:tid 796782] [client 50.116.65.227:12538] ModSecurity: Warning. Operator EQ matched 0 at REQUEST_HEADERS. [file "/opt/mod_security/hg_rules.conf"] [line "1573"] [id "900935"] [msg "Empty User-Agent LOGGING"] [data "200"] [hostname "www.fkconstructionfunding.com"] [uri "/wp-content/plugins/contact-form-7/includes/css/styles-rtl.css"] [unique_id "al4OP7LfyzVz2SrjZpiWkAAAAmk"]
[Mon Jul 20 06:02:07.791142 2026] [security2:error] [pid 796567:tid 796704] [client 129.222.187.209:4505] ModSecurity: Warning. Pattern match "POST" at REQUEST_METHOD. [file "/opt/mod_security/hg_rules.conf"] [line "151"] [id "900405"] [msg "xmlrpc POST logging"] [data "409"] [hostname "sbinframx.com"] [uri "/xmlrpc.php"] [unique_id "al4OP7LfyzVz2SrjZpiWkQAAAhs"]
[Mon Jul 20 06:02:07.827408 2026] [security2:error] [pid 796567:tid 796664] [remote 148.113.128.53:0] ModSecurity: Access denied with code 406 (phase 1). Pattern match "Mozilla\\\\/5\\\\.0 \\\\(compatible; AhrefsBot\\\\/\\\\d\\\\.\\\\d; \\\\+http:\\\\/\\\\/ahrefs\\\\.com\\\\/robot\\\\/\\\\)" at REQUEST_HEADERS:User-Agent. [file "/opt/mod_security/hg_rules.conf"] [line "578"] [id "900165"] [msg "AhrefsBot BOT Request"] [hostname "tiokubito.cl"] [uri "/wp-content/uploads/2024/06/1000173187.jpg"] [unique_id "al4OP7LfyzVz2SrjZpiWlQACKWA"]
[Mon Jul 20 06:02:07.827685 2026] [security2:error] [pid 796567:tid 796718] [client 148.113.128.53:0] ModSecurity: Warning. Matched phrase "AhrefsBot" at REQUEST_HEADERS:User-Agent. [file "/opt/mod_security/hg_rules.conf"] [line "168"] [id "350001"] [msg "BAD BOT - Detected LOGGING"] [data "406"] [hostname "tiokubito.cl"] [uri "/wp-content/uploads/2024/06/1000173187.jpg"] [unique_id "al4OP7LfyzVz2SrjZpiWlQACKWA"]
[Mon Jul 20 06:02:07.853914 2026] [security2:error] [pid 796567:tid 796665] [remote 188.166.241.141:53096] ModSecurity: Access denied with code 409 (phase 1). RBL lookup of 141.241.166.188.testwprbl.websitewelcome.com succeeded at REMOTE_ADDR. [file "/opt/mod_security/hg_rules.conf"] [line "176"] [id "900407"] [msg "Wordpress and Joomla Brute RBL: testwprbl.websitewelcome.com"] [hostname "tbd.jxc.mybluehost.me"] [uri "/wp-login.php"] [unique_id "al4OP7LfyzVz2SrjZpiWlwACIWE"], referer: https://tbd.jxc.mybluehost.me/wp-login.php
[Mon Jul 20 06:02:07.865112 2026] [security2:error] [pid 796567:tid 796787] [client 77.110.127.138:0] ModSecurity: Warning. Pattern match "301|404|302" at RESPONSE_STATUS. [file "/opt/mod_security/hg_rules.conf"] [line "1570"] [id "900934"] [msg "404 php LOGGING"] [data "404"] [hostname "mezzacraft.com"] [uri "/index.php"] [unique_id "al4OP7LfyzVz2SrjZpiWawAAAm4"], referer: https://mezzacraft.com/
[Mon Jul 20 06:02:08.111558 2026] [http2:info] [pid 796928:tid 796928] h2_workers: created with min=128 max=192 idle_ms=600000
[Mon Jul 20 06:02:08.299973 2026] [security2:error] [pid 796567:tid 796801] [client 173.239.240.10:27823] ModSecurity: Access denied with code 409 (phase 1). RBL lookup of 10.240.239.173.testwprbl.websitewelcome.com succeeded at REMOTE_ADDR. [file "/opt/mod_security/hg_rules.conf"] [line "176"] [id "900407"] [msg "Wordpress and Joomla Brute RBL: testwprbl.websitewelcome.com"] [hostname "bnb-engineering.com"] [uri "/wp-login.php"] [unique_id "al4OQLLfyzVz2SrjZpiWrgAAAnw"]
[Mon Jul 20 06:02:08.588929 2026] [security2:error] [pid 796567:tid 796710] [client 72.255.10.154:1045] ModSecurity: Access denied with code 409 (phase 1). RBL lookup of 154.10.255.72.testwprbl.websitewelcome.com succeeded at REMOTE_ADDR. [file "/opt/mod_security/hg_rules.conf"] [line "176"] [id "900407"] [msg "Wordpress and Joomla Brute RBL: testwprbl.websitewelcome.com"] [hostname "lizrichter.com.au"] [uri "/xmlrpc.php"] [unique_id "al4OQLLfyzVz2SrjZpiWyAAAAiE"]
[Mon Jul 20 06:02:08.589050 2026] [security2:error] [pid 796567:tid 796710] [client 72.255.10.154:1045] ModSecurity: Warning. Pattern match "POST" at REQUEST_METHOD. [file "/opt/mod_security/hg_rules.conf"] [line "151"] [id "900405"] [msg "xmlrpc POST logging"] [data "409"] [hostname "lizrichter.com.au"] [uri "/xmlrpc.php"] [unique_id "al4OQLLfyzVz2SrjZpiWyAAAAiE"]
[Mon Jul 20 06:02:08.666121 2026] [security2:error] [pid 796928:tid 797081] [client 35.90.38.209:28620] ModSecurity: Access denied with code 409 (phase 1). RBL lookup of 209.38.90.35.vulnscan.websitewelcome.com succeeded at REMOTE_ADDR. [file "/opt/mod_security/hg_rules.conf"] [line "1566"] [id "900933"] [msg "Vulnerability Scan RBL: vulnscan.websitewelcome.com"] [hostname "curlsnpearlsss.com"] [uri "/wp-cron.php"] [unique_id "al4OQOsTy9vX-htKvPn4uQAAArA"]
[Mon Jul 20 06:02:08.769313 2026] [security2:error] [pid 796928:tid 797060] [client 112.213.160.112:8215] ModSecurity: Access denied with code 409 (phase 1). RBL lookup of 112.160.213.112.testwprbl.websitewelcome.com succeeded at REMOTE_ADDR. [file "/opt/mod_security/hg_rules.conf"] [line "176"] [id "900407"] [msg "Wordpress and Joomla Brute RBL: testwprbl.websitewelcome.com"] [hostname "areitoproducciones.com"] [uri "/xmlrpc.php"] [unique_id "al4OQOsTy9vX-htKvPn4vQAAAps"]
[Mon Jul 20 06:02:08.769447 2026] [security2:error] [pid 796928:tid 797060] [client 112.213.160.112:8215] ModSecurity: Warning. Pattern match "POST" at REQUEST_METHOD. [file "/opt/mod_security/hg_rules.conf"] [line "151"] [id "900405"] [msg "xmlrpc POST logging"] [data "409"] [hostname "areitoproducciones.com"] [uri "/xmlrpc.php"] [unique_id "al4OQOsTy9vX-htKvPn4vQAAAps"]
[Mon Jul 20 06:02:08.790680 2026] [security2:error] [pid 796567:tid 796688] [remote 43.241.64.180:0] ModSecurity: Access denied with code 409 (phase 1). RBL lookup of 180.64.241.43.testwprbl.websitewelcome.com succeeded at REMOTE_ADDR. [file "/opt/mod_security/hg_rules.conf"] [line "176"] [id "900407"] [msg "Wordpress and Joomla Brute RBL: testwprbl.websitewelcome.com"] [hostname "aleishapenny.ca"] [uri "/xmlrpc.php"] [unique_id "al4OQLLfyzVz2SrjZpiW0gACJXg"]
[Mon Jul 20 06:02:08.790912 2026] [security2:error] [pid 796567:tid 796714] [client 43.241.64.180:0] ModSecurity: Warning. Pattern match "POST" at REQUEST_METHOD. [file "/opt/mod_security/hg_rules.conf"] [line "151"] [id "900405"] [msg "xmlrpc POST logging"] [data "409"] [hostname "aleishapenny.ca"] [uri "/xmlrpc.php"] [unique_id "al4OQLLfyzVz2SrjZpiW0gACJXg"]
[Mon Jul 20 06:02:08.876803 2026] [security2:error] [pid 796567:tid 796691] [remote 57.141.18.57:22890] ModSecurity: Access denied with code 409 (phase 1). RBL lookup of 57.18.141.57.vulnscan.websitewelcome.com succeeded at REMOTE_ADDR. [file "/opt/mod_security/hg_rules.conf"] [line "1566"] [id "900933"] [msg "Vulnerability Scan RBL: vulnscan.websitewelcome.com"] [hostname "aviationsynergy.aero"] [uri "/product/2950356"] [unique_id "al4OQLLfyzVz2SrjZpiW2AACUHs"]
[Mon Jul 20 06:02:09.046529 2026] [security2:error] [pid 796928:tid 797107] [client 185.132.186.102:54545] ModSecurity: Access denied with code 409 (phase 1). RBL lookup of 102.186.132.185.vulnscan.websitewelcome.com succeeded at REMOTE_ADDR. [file "/opt/mod_security/hg_rules.conf"] [line "1566"] [id "900933"] [msg "Vulnerability Scan RBL: vulnscan.websitewelcome.com"] [hostname "harborhealth.us"] [uri "/.well-known/index.php"] [unique_id "al4OQesTy9vX-htKvPn4xgAAAso"]
[Mon Jul 20 06:02:09.072484 2026] [security2:error] [pid 796567:tid 796725] [client 14.225.17.146:61251] ModSecurity: Warning. Pattern match "301|404|302" at RESPONSE_STATUS. [file "/opt/mod_security/hg_rules.conf"] [line "1570"] [id "900934"] [msg "404 php LOGGING"] [data "301"] [hostname "walkingandtalking.net"] [uri "/index.php"] [unique_id "al4OP7LfyzVz2SrjZpiWngAAAjA"], referer: http://walkingandtalking.net/wordpress
[Mon Jul 20 06:02:09.370813 2026] [security2:error] [pid 796567:tid 796798] [client 98.159.234.160:30539] ModSecurity: Access denied with code 409 (phase 1). RBL lookup of 160.234.159.98.vulnscan.websitewelcome.com succeeded at REMOTE_ADDR. [file "/opt/mod_security/hg_rules.conf"] [line "1566"] [id "900933"] [msg "Vulnerability Scan RBL: vulnscan.websitewelcome.com"] [hostname "ivetstrategies.com"] [uri "/wp-admin/admin-ajax.php"] [unique_id "al4OQbLfyzVz2SrjZpiW8gAAAnk"], referer: https://ivetstrategies.com/contact/
[Mon Jul 20 06:02:09.765854 2026] [security2:error] [pid 796567:tid 796823] [client 150.228.148.150:12650] ModSecurity: Access denied with code 409 (phase 1). RBL lookup of 150.148.228.150.testwprbl.websitewelcome.com succeeded at REMOTE_ADDR. [file "/opt/mod_security/hg_rules.conf"] [line "176"] [id "900407"] [msg "Wordpress and Joomla Brute RBL: testwprbl.websitewelcome.com"] [hostname "samueldcohen.com"] [uri "/xmlrpc.php"] [unique_id "al4OQbLfyzVz2SrjZpiXBgAAApI"]
[Mon Jul 20 06:02:09.766031 2026] [security2:error] [pid 796567:tid 796823] [client 150.228.148.150:12650] ModSecurity: Warning. Pattern match "POST" at REQUEST_METHOD. [file "/opt/mod_security/hg_rules.conf"] [line "151"] [id "900405"] [msg "xmlrpc POST logging"] [data "409"] [hostname "samueldcohen.com"] [uri "/xmlrpc.php"] [unique_id "al4OQbLfyzVz2SrjZpiXBgAAApI"]
[Mon Jul 20 06:02:09.771763 2026] [security2:error] [pid 796567:tid 796794] [client 14.225.17.146:54629] ModSecurity: Warning. Pattern match "301|404|302" at RESPONSE_STATUS. [file "/opt/mod_security/hg_rules.conf"] [line "1570"] [id "900934"] [msg "404 php LOGGING"] [data "301"] [hostname "iagdevelopments.com"] [uri "/index.php"] [unique_id "al4OQLLfyzVz2SrjZpiWtQAAAnU"], referer: http://iagdevelopments.com/wordpress
[Mon Jul 20 06:02:09.954479 2026] [security2:error] [pid 796928:tid 797138] [client 14.225.17.146:62339] ModSecurity: Warning. Pattern match "301|404|302" at RESPONSE_STATUS. [file "/opt/mod_security/hg_rules.conf"] [line "1570"] [id "900934"] [msg "404 php LOGGING"] [data "404"] [hostname "www.walkingandtalking.net"] [uri "/index.php"] [unique_id "al4OQesTy9vX-htKvPn44AAAAuk"], referer: https://walkingandtalking.net/wordpress
[Mon Jul 20 06:02:10.009674 2026] [security2:error] [pid 796567:tid 796816] [client 173.239.254.41:21321] ModSecurity: Access denied with code 409 (phase 1). RBL lookup of 41.254.239.173.vulnscan.websitewelcome.com succeeded at REMOTE_ADDR. [file "/opt/mod_security/hg_rules.conf"] [line "1566"] [id "900933"] [msg "Vulnerability Scan RBL: vulnscan.websitewelcome.com"] [hostname "kromosenergy.com"] [uri "/wp-login.php"] [unique_id "al4OQrLfyzVz2SrjZpiXEwAAAos"]
[Mon Jul 20 06:02:10.052928 2026] [security2:error] [pid 796928:tid 797134] [client 103.95.123.246:18820] ModSecurity: Access denied with code 409 (phase 1). RBL lookup of 246.123.95.103.testwprbl.websitewelcome.com succeeded at REMOTE_ADDR. [file "/opt/mod_security/hg_rules.conf"] [line "176"] [id "900407"] [msg "Wordpress and Joomla Brute RBL: testwprbl.websitewelcome.com"] [hostname "elementconstruction.co.uk"] [uri "/xmlrpc.php"] [unique_id "al4OQusTy9vX-htKvPn45wAAAuU"]
[Mon Jul 20 06:02:10.053065 2026] [security2:error] [pid 796928:tid 797134] [client 103.95.123.246:18820] ModSecurity: Warning. Pattern match "POST" at REQUEST_METHOD. [file "/opt/mod_security/hg_rules.conf"] [line "151"] [id "900405"] [msg "xmlrpc POST logging"] [data "409"] [hostname "elementconstruction.co.uk"] [uri "/xmlrpc.php"] [unique_id "al4OQusTy9vX-htKvPn45wAAAuU"]
[Mon Jul 20 06:02:10.085130 2026] [security2:error] [pid 796567:tid 796641] [remote 217.61.143.92:60058] ModSecurity: Access denied with code 409 (phase 1). RBL lookup of 92.143.61.217.testwprbl.websitewelcome.com succeeded at REMOTE_ADDR. [file "/opt/mod_security/hg_rules.conf"] [line "176"] [id "900407"] [msg "Wordpress and Joomla Brute RBL: testwprbl.websitewelcome.com"] [hostname "aosta.nz.dbn.vkf.mybluehost.me"] [uri "/wp-login.php"] [unique_id "al4OQrLfyzVz2SrjZpiXGgACdEk"]
[Mon Jul 20 06:02:10.191142 2026] [security2:error] [pid 796567:tid 796734] [client 14.225.17.146:61254] ModSecurity: Warning. Pattern match "301|404|302" at RESPONSE_STATUS. [file "/opt/mod_security/hg_rules.conf"] [line "1570"] [id "900934"] [msg "404 php LOGGING"] [data "404"] [hostname "windowtx.com"] [uri "/index.php"] [unique_id "al4OP7LfyzVz2SrjZpiWpAAAAjk"], referer: http://windowtx.com/wordpress
[Mon Jul 20 06:02:10.290829 2026] [security2:error] [pid 796567:tid 796810] [client 52.183.195.200:21699] ModSecurity: Warning. Operator EQ matched 0 at REQUEST_HEADERS. [file "/opt/mod_security/hg_rules.conf"] [line "1573"] [id "900935"] [msg "Empty User-Agent LOGGING"] [data "302"] [hostname "msoid.quangminhltd.vn"] [uri "/index.cgi"] [unique_id "al4OQrLfyzVz2SrjZpiXJQAAAoU"]
[Mon Jul 20 06:02:10.314354 2026] [security2:error] [pid 796567:tid 796645] [remote 217.61.143.92:60058] ModSecurity: Access denied with code 409 (phase 1). RBL lookup of 92.143.61.217.testwprbl.websitewelcome.com succeeded at REMOTE_ADDR. [file "/opt/mod_security/hg_rules.conf"] [line "176"] [id "900407"] [msg "Wordpress and Joomla Brute RBL: testwprbl.websitewelcome.com"] [hostname "aosta.nz.dbn.vkf.mybluehost.me"] [uri "/wp-login.php"] [unique_id "al4OQrLfyzVz2SrjZpiXKQACH00"], referer: https://aosta.nz.dbn.vkf.mybluehost.me/wp-login.php
[Mon Jul 20 06:02:10.322253 2026] [security2:error] [pid 796567:tid 796819] [client 52.183.195.200:21699] ModSecurity: Warning. Operator EQ matched 0 at REQUEST_HEADERS. [file "/opt/mod_security/hg_rules.conf"] [line "1573"] [id "900935"] [msg "Empty User-Agent LOGGING"] [data "404"] [hostname "msoid.quangminhltd.vn"] [uri "/404.html"] [unique_id "al4OQrLfyzVz2SrjZpiXKwAAAo4"]
[Mon Jul 20 06:02:10.610473 2026] [security2:error] [pid 796567:tid 796649] [remote 45.90.123.233:54832] ModSecurity: Access denied with code 409 (phase 1). RBL lookup of 233.123.90.45.testwprbl.websitewelcome.com succeeded at REMOTE_ADDR. [file "/opt/mod_security/hg_rules.conf"] [line "176"] [id "900407"] [msg "Wordpress and Joomla Brute RBL: testwprbl.websitewelcome.com"] [hostname "securingmemories.com"] [uri "/wp-login.php"] [unique_id "al4OQrLfyzVz2SrjZpiXOwACJ1E"]
[Mon Jul 20 06:02:10.734654 2026] [security2:error] [pid 796567:tid 796819] [client 77.110.127.138:54511] ModSecurity: Access denied with code 406 (phase 2). Pattern match "(?:procedure\\\\s+analyse\\\\s.{0,100}\\\\(|create\\\\s+(procedure|function)\\\\s.{0,100}\\\\w+\\\\s.{0,100}\\\\(\\\\s.{0,200}\\\\)\\\\s.{0,100}declare[^\\\\w]+[@#]\\\\s.{0,100}\\\\w+|exec\\\\s.{0,100}\\\\(\\\\s.{0,200}@|\\\\b(?:sleep|benchmark)\\\\b ?\\\\( ?[0-9])" at REQUEST_URI. [file "/etc/httpd/modsecurity.d/10_asl_rules.conf"] [line "273"] [id "380122"] [rev "5"] [msg "Atomicorp.com WAF Rules: MySQL and PostgreSQL stored procedure/function injections"] [data "sleep(1"] [severity "CRITICAL"] [tag "SQLi"] [hostname "mezzacraft.com"] [uri "/tag/if(now()=sysdate(),sleep(15),0)/"] [unique_id "al4OQrLfyzVz2SrjZpiXRAAAAo4"], referer: https://mezzacraft.com/
[Mon Jul 20 06:02:10.820962 2026] [security2:error] [pid 796567:tid 796710] [client 193.19.109.243:22235] ModSecurity: Access denied with code 409 (phase 1). RBL lookup of 243.109.19.193.vulnscan.websitewelcome.com succeeded at REMOTE_ADDR. [file "/opt/mod_security/hg_rules.conf"] [line "1566"] [id "900933"] [msg "Vulnerability Scan RBL: vulnscan.websitewelcome.com"] [hostname "socialputty.co"] [uri "/wp-login.php"] [unique_id "al4OQrLfyzVz2SrjZpiXSwAAAiE"]
[Mon Jul 20 06:02:10.822386 2026] [security2:error] [pid 796567:tid 796713] [client 193.19.109.222:50699] ModSecurity: Access denied with code 409 (phase 1). RBL lookup of 222.109.19.193.vulnscan.websitewelcome.com succeeded at REMOTE_ADDR. [file "/opt/mod_security/hg_rules.conf"] [line "1566"] [id "900933"] [msg "Vulnerability Scan RBL: vulnscan.websitewelcome.com"] [hostname "socialputty.co"] [uri "/wp-login.php"] [unique_id "al4OQrLfyzVz2SrjZpiXSgAAAiQ"]
[Mon Jul 20 06:02:10.886793 2026] [security2:error] [pid 796567:tid 796706] [client 14.225.17.146:50347] ModSecurity: Warning. Pattern match "301|404|302" at RESPONSE_STATUS. [file "/opt/mod_security/hg_rules.conf"] [line "1570"] [id "900934"] [msg "404 php LOGGING"] [data "404"] [hostname "www.iagdevelopments.com"] [uri "/index.php"] [unique_id "al4OQrLfyzVz2SrjZpiXTAAAAh0"], referer: https://iagdevelopments.com/wordpress
[Mon Jul 20 06:02:10.901215 2026] [security2:error] [pid 796567:tid 796611] [remote 45.90.123.233:54832] ModSecurity: Access denied with code 409 (phase 1). RBL lookup of 233.123.90.45.testwprbl.websitewelcome.com succeeded at REMOTE_ADDR. [file "/opt/mod_security/hg_rules.conf"] [line "176"] [id "900407"] [msg "Wordpress and Joomla Brute RBL: testwprbl.websitewelcome.com"] [hostname "securingmemories.com"] [uri "/wp-login.php"] [unique_id "al4OQrLfyzVz2SrjZpiXTwACdSs"], referer: https://securingmemories.com/wp-login.php
[Mon Jul 20 06:02:10.915080 2026] [security2:error] [pid 796928:tid 797169] [client 106.192.104.4:52500] ModSecurity: Access denied with code 409 (phase 1). RBL lookup of 4.104.192.106.testwprbl.websitewelcome.com succeeded at REMOTE_ADDR. [file "/opt/mod_security/hg_rules.conf"] [line "176"] [id "900407"] [msg "Wordpress and Joomla Brute RBL: testwprbl.websitewelcome.com"] [hostname "worbals.com"] [uri "/xmlrpc.php"] [unique_id "al4OQusTy9vX-htKvPn4-gAAAwg"]
[Mon Jul 20 06:02:10.915211 2026] [security2:error] [pid 796928:tid 797169] [client 106.192.104.4:52500] ModSecurity: Warning. Pattern match "POST" at REQUEST_METHOD. [file "/opt/mod_security/hg_rules.conf"] [line "151"] [id "900405"] [msg "xmlrpc POST logging"] [data "409"] [hostname "worbals.com"] [uri "/xmlrpc.php"] [unique_id "al4OQusTy9vX-htKvPn4-gAAAwg"]
[Mon Jul 20 06:02:10.998628 2026] [security2:error] [pid 796567:tid 796822] [client 185.132.186.98:63087] ModSecurity: Access denied with code 409 (phase 1). RBL lookup of 98.186.132.185.vulnscan.websitewelcome.com succeeded at REMOTE_ADDR. [file "/opt/mod_security/hg_rules.conf"] [line "1566"] [id "900933"] [msg "Vulnerability Scan RBL: vulnscan.websitewelcome.com"] [hostname "harborhealth.us"] [uri "/ab.php"] [unique_id "al4OQrLfyzVz2SrjZpiXWAAAApE"]
[Mon Jul 20 06:02:11.288590 2026] [security2:error] [pid 796928:tid 797086] [client 172.200.24.58:3011] ModSecurity: Warning. Operator EQ matched 0 at REQUEST_HEADERS. [file "/opt/mod_security/hg_rules.conf"] [line "1573"] [id "900935"] [msg "Empty User-Agent LOGGING"] [data "302"] [hostname "msoid.quangminhltd.vn"] [uri "/index.cgi"] [unique_id "al4OQ-sTy9vX-htKvPn5BAAAArU"]
[Mon Jul 20 06:02:11.350207 2026] [security2:error] [pid 796928:tid 797102] [client 172.200.24.58:3011] ModSecurity: Warning. Operator EQ matched 0 at REQUEST_HEADERS. [file "/opt/mod_security/hg_rules.conf"] [line "1573"] [id "900935"] [msg "Empty User-Agent LOGGING"] [data "404"] [hostname "msoid.quangminhltd.vn"] [uri "/404.html"] [unique_id "al4OQ-sTy9vX-htKvPn5CQAAAsU"]
[Mon Jul 20 06:02:11.400533 2026] [security2:error] [pid 796567:tid 796776] [client 57.141.18.64:47706] ModSecurity: Warning. Pattern match "301|404|302" at RESPONSE_STATUS. [file "/opt/mod_security/hg_rules.conf"] [line "1570"] [id "900934"] [msg "404 php LOGGING"] [data "404"] [hostname "toddnielsen.com"] [uri "/index.php"] [unique_id "al4OP7LfyzVz2SrjZpiV0AACYyI"]
[Mon Jul 20 06:02:11.465094 2026] [security2:error] [pid 796567:tid 796762] [client 57.141.18.32:20832] ModSecurity: Warning. Pattern match "301|404|302" at RESPONSE_STATUS. [file "/opt/mod_security/hg_rules.conf"] [line "1570"] [id "900934"] [msg "404 php LOGGING"] [data "404"] [hostname "toddnielsen.com"] [uri "/index.php"] [unique_id "al4OP7LfyzVz2SrjZpiV0gACVRk"]
[Mon Jul 20 06:02:11.638010 2026] [security2:error] [pid 796567:tid 796730] [client 57.141.18.72:39798] ModSecurity: Warning. Pattern match "301|404|302" at RESPONSE_STATUS. [file "/opt/mod_security/hg_rules.conf"] [line "1570"] [id "900934"] [msg "404 php LOGGING"] [data "404"] [hostname "toddnielsen.com"] [uri "/index.php"] [unique_id "al4OP7LfyzVz2SrjZpiWPgACNU8"]
[Mon Jul 20 06:02:11.830948 2026] [security2:error] [pid 796567:tid 796634] [remote 2804:3b04:a02b:c100:d023:583d:e0ab:c768:0] ModSecurity: Access denied with code 406 (phase 2). Operator GT matched 0 at USER:bf_block. [file "/opt/mod_security/hg_rules.conf"] [line "1482"] [id "909121"] [msg "IP address blocked, too many xmlrpc.php failures"] [hostname "innovativecleaningsvs.com"] [uri "/xmlrpc.php"] [unique_id "al4OQ7LfyzVz2SrjZpiXggACjkI"]
[Mon Jul 20 06:02:11.831146 2026] [security2:error] [pid 796567:tid 796819] [client 2804:3b04:a02b:c100:d023:583d:e0ab:c768:0] ModSecurity: Warning. Pattern match "POST" at REQUEST_METHOD. [file "/opt/mod_security/hg_rules.conf"] [line "151"] [id "900405"] [msg "xmlrpc POST logging"] [data "406"] [hostname "innovativecleaningsvs.com"] [uri "/xmlrpc.php"] [unique_id "al4OQ7LfyzVz2SrjZpiXggACjkI"]
[Mon Jul 20 06:02:11.937023 2026] [security2:error] [pid 796928:tid 797139] [client 18.228.171.129:33790] ModSecurity: Access denied with code 409 (phase 1). RBL lookup of 129.171.228.18.testwprbl.websitewelcome.com succeeded at REMOTE_ADDR. [file "/opt/mod_security/hg_rules.conf"] [line "176"] [id "900407"] [msg "Wordpress and Joomla Brute RBL: testwprbl.websitewelcome.com"] [hostname "cryptomeaning.com"] [uri "/xmlrpc.php"] [unique_id "al4OQ-sTy9vX-htKvPn5GAAAAuo"]
[Mon Jul 20 06:02:11.937208 2026] [security2:error] [pid 796928:tid 797139] [client 18.228.171.129:33790] ModSecurity: Warning. Pattern match "POST" at REQUEST_METHOD. [file "/opt/mod_security/hg_rules.conf"] [line "151"] [id "900405"] [msg "xmlrpc POST logging"] [data "409"] [hostname "cryptomeaning.com"] [uri "/xmlrpc.php"] [unique_id "al4OQ-sTy9vX-htKvPn5GAAAAuo"]
[Mon Jul 20 06:02:12.224572 2026] [security2:error] [pid 796567:tid 796797] [client 115.246.21.170:20945] ModSecurity: Access denied with code 409 (phase 1). RBL lookup of 170.21.246.115.testwprbl.websitewelcome.com succeeded at REMOTE_ADDR. [file "/opt/mod_security/hg_rules.conf"] [line "176"] [id "900407"] [msg "Wordpress and Joomla Brute RBL: testwprbl.websitewelcome.com"] [hostname "pscmedicalbilling.com"] [uri "/xmlrpc.php"] [unique_id "al4ORLLfyzVz2SrjZpiXjwAAAng"]
[Mon Jul 20 06:02:12.224737 2026] [security2:error] [pid 796567:tid 796797] [client 115.246.21.170:20945] ModSecurity: Warning. Pattern match "POST" at REQUEST_METHOD. [file "/opt/mod_security/hg_rules.conf"] [line "151"] [id "900405"] [msg "xmlrpc POST logging"] [data "409"] [hostname "pscmedicalbilling.com"] [uri "/xmlrpc.php"] [unique_id "al4ORLLfyzVz2SrjZpiXjwAAAng"]
[Mon Jul 20 06:02:12.318594 2026] [security2:error] [pid 796928:tid 797153] [client 77.110.127.138:0] ModSecurity: Warning. Pattern match "301|404|302" at RESPONSE_STATUS. [file "/opt/mod_security/hg_rules.conf"] [line "1570"] [id "900934"] [msg "404 php LOGGING"] [data "301"] [hostname "mezzacraft.com"] [uri "/index.php"] [unique_id "al4OROsTy9vX-htKvPn5GwAAAvg"], referer: https://mezzacraft.com/
[Mon Jul 20 06:02:12.713255 2026] [security2:error] [pid 796567:tid 796791] [client 47.31.86.100:53911] ModSecurity: Access denied with code 406 (phase 2). Operator GT matched 0 at USER:bf_block. [file "/opt/mod_security/hg_rules.conf"] [line "1482"] [id "909121"] [msg "IP address blocked, too many xmlrpc.php failures"] [hostname "drawingthedog.com"] [uri "/xmlrpc.php"] [unique_id "al4ORLLfyzVz2SrjZpiXngAAAnI"]
[Mon Jul 20 06:02:12.713376 2026] [security2:error] [pid 796567:tid 796791] [client 47.31.86.100:53911] ModSecurity: Warning. Pattern match "POST" at REQUEST_METHOD. [file "/opt/mod_security/hg_rules.conf"] [line "151"] [id "900405"] [msg "xmlrpc POST logging"] [data "406"] [hostname "drawingthedog.com"] [uri "/xmlrpc.php"] [unique_id "al4ORLLfyzVz2SrjZpiXngAAAnI"]
[Mon Jul 20 06:02:12.775746 2026] [security2:error] [pid 796567:tid 796797] [client 173.239.240.20:45031] ModSecurity: Access denied with code 409 (phase 1). RBL lookup of 20.240.239.173.testwprbl.websitewelcome.com succeeded at REMOTE_ADDR. [file "/opt/mod_security/hg_rules.conf"] [line "176"] [id "900407"] [msg "Wordpress and Joomla Brute RBL: testwprbl.websitewelcome.com"] [hostname "bnb-engineering.com"] [uri "/wp-login.php"] [unique_id "al4ORLLfyzVz2SrjZpiXowAAAng"], referer: https://www.google.com/search?q=wordpress
[Mon Jul 20 06:02:12.939898 2026] [security2:error] [pid 796567:tid 796706] [client 185.132.186.75:25211] ModSecurity: Access denied with code 409 (phase 1). RBL lookup of 75.186.132.185.vulnscan.websitewelcome.com succeeded at REMOTE_ADDR. [file "/opt/mod_security/hg_rules.conf"] [line "1566"] [id "900933"] [msg "Vulnerability Scan RBL: vulnscan.websitewelcome.com"] [hostname "harborhealth.us"] [uri "/wp-content/themes/about.php"] [unique_id "al4ORLLfyzVz2SrjZpiXswAAAh0"]
[Mon Jul 20 06:02:13.361099 2026] [security2:error] [pid 796928:tid 797063] [client 129.222.187.209:31345] ModSecurity: Access denied with code 409 (phase 1). RBL lookup of 209.187.222.129.testwprbl.websitewelcome.com succeeded at REMOTE_ADDR. [file "/opt/mod_security/hg_rules.conf"] [line "176"] [id "900407"] [msg "Wordpress and Joomla Brute RBL: testwprbl.websitewelcome.com"] [hostname "samueldcohen.com"] [uri "/xmlrpc.php"] [unique_id "al4OResTy9vX-htKvPn5NgAAAp4"]
[Mon Jul 20 06:02:13.382523 2026] [security2:error] [pid 796928:tid 797063] [client 129.222.187.209:31345] ModSecurity: Warning. Pattern match "POST" at REQUEST_METHOD. [file "/opt/mod_security/hg_rules.conf"] [line "151"] [id "900405"] [msg "xmlrpc POST logging"] [data "409"] [hostname "samueldcohen.com"] [uri "/xmlrpc.php"] [unique_id "al4OResTy9vX-htKvPn5NgAAAp4"]
[Mon Jul 20 06:02:13.932111 2026] [security2:error] [pid 796928:tid 797150] [client 14.225.17.146:56981] ModSecurity: Warning. Pattern match "301|404|302" at RESPONSE_STATUS. [file "/opt/mod_security/hg_rules.conf"] [line "1570"] [id "900934"] [msg "404 php LOGGING"] [data "404"] [hostname "xp-design.co"] [uri "/index.php"] [unique_id "al4OROsTy9vX-htKvPn5HwAAAvU"], referer: http://xp-design.co/wordpress
[Mon Jul 20 06:02:14.079868 2026] [security2:error] [pid 796567:tid 796814] [client 77.110.127.138:54511] ModSecurity: Access denied with code 406 (phase 2). Pattern match "(?:procedure\\\\s+analyse\\\\s.{0,100}\\\\(|create\\\\s+(procedure|function)\\\\s.{0,100}\\\\w+\\\\s.{0,100}\\\\(\\\\s.{0,200}\\\\)\\\\s.{0,100}declare[^\\\\w]+[@#]\\\\s.{0,100}\\\\w+|exec\\\\s.{0,100}\\\\(\\\\s.{0,200}@|\\\\b(?:sleep|benchmark)\\\\b ?\\\\( ?[0-9])" at REQUEST_URI. [file "/etc/httpd/modsecurity.d/10_asl_rules.conf"] [line "273"] [id "380122"] [rev "5"] [msg "Atomicorp.com WAF Rules: MySQL and PostgreSQL stored procedure/function injections"] [data "sleep(1"] [severity "CRITICAL"] [tag "SQLi"] [hostname "mezzacraft.com"] [uri "/tag/cake-recipe0'XOR(if(now()=sysdate(),sleep(15),0))XOR'Z/"] [unique_id "al4ORrLfyzVz2SrjZpiX5QAAAok"], referer: https://mezzacraft.com/
[Mon Jul 20 06:02:14.214691 2026] [security2:error] [pid 796928:tid 797148] [client 178.152.178.232:36415] ModSecurity: Access denied with code 409 (phase 1). RBL lookup of 232.178.152.178.testwprbl.websitewelcome.com succeeded at REMOTE_ADDR. [file "/opt/mod_security/hg_rules.conf"] [line "176"] [id "900407"] [msg "Wordpress and Joomla Brute RBL: testwprbl.websitewelcome.com"] [hostname "snctaxgroup.com"] [uri "/xmlrpc.php"] [unique_id "al4ORusTy9vX-htKvPn5VgAAAvM"]
[Mon Jul 20 06:02:14.214893 2026] [security2:error] [pid 796928:tid 797148] [client 178.152.178.232:36415] ModSecurity: Warning. Pattern match "POST" at REQUEST_METHOD. [file "/opt/mod_security/hg_rules.conf"] [line "151"] [id "900405"] [msg "xmlrpc POST logging"] [data "409"] [hostname "snctaxgroup.com"] [uri "/xmlrpc.php"] [unique_id "al4ORusTy9vX-htKvPn5VgAAAvM"]
[Mon Jul 20 06:02:14.463083 2026] [security2:error] [pid 796928:tid 797141] [client 41.173.37.102:6584] ModSecurity: Access denied with code 409 (phase 1). RBL lookup of 102.37.173.41.testwprbl.websitewelcome.com succeeded at REMOTE_ADDR. [file "/opt/mod_security/hg_rules.conf"] [line "176"] [id "900407"] [msg "Wordpress and Joomla Brute RBL: testwprbl.websitewelcome.com"] [hostname "drawingthedog.com"] [uri "/xmlrpc.php"] [unique_id "al4ORusTy9vX-htKvPn5XAAAAuw"]
[Mon Jul 20 06:02:14.463251 2026] [security2:error] [pid 796928:tid 797141] [client 41.173.37.102:6584] ModSecurity: Warning. Pattern match "POST" at REQUEST_METHOD. [file "/opt/mod_security/hg_rules.conf"] [line "151"] [id "900405"] [msg "xmlrpc POST logging"] [data "409"] [hostname "drawingthedog.com"] [uri "/xmlrpc.php"] [unique_id "al4ORusTy9vX-htKvPn5XAAAAuw"]
[Mon Jul 20 06:02:14.603345 2026] [security2:error] [pid 796567:tid 796744] [client 57.141.18.72:39810] ModSecurity: Warning. Pattern match "301|404|302" at RESPONSE_STATUS. [file "/opt/mod_security/hg_rules.conf"] [line "1570"] [id "900934"] [msg "404 php LOGGING"] [data "404"] [hostname "toddnielsen.com"] [uri "/index.php"] [unique_id "al4OQrLfyzVz2SrjZpiXKgACQ04"]
[Mon Jul 20 06:02:14.822401 2026] [security2:error] [pid 796928:tid 797065] [client 3.109.4.218:36408] ModSecurity: Access denied with code 409 (phase 1). RBL lookup of 218.4.109.3.testwprbl.websitewelcome.com succeeded at REMOTE_ADDR. [file "/opt/mod_security/hg_rules.conf"] [line "176"] [id "900407"] [msg "Wordpress and Joomla Brute RBL: testwprbl.websitewelcome.com"] [hostname "cryptomeaning.com"] [uri "/xmlrpc.php"] [unique_id "al4ORusTy9vX-htKvPn5awAAAqA"]
[Mon Jul 20 06:02:14.822559 2026] [security2:error] [pid 796928:tid 797065] [client 3.109.4.218:36408] ModSecurity: Warning. Pattern match "POST" at REQUEST_METHOD. [file "/opt/mod_security/hg_rules.conf"] [line "151"] [id "900405"] [msg "xmlrpc POST logging"] [data "409"] [hostname "cryptomeaning.com"] [uri "/xmlrpc.php"] [unique_id "al4ORusTy9vX-htKvPn5awAAAqA"]
[Mon Jul 20 06:02:14.849795 2026] [security2:error] [pid 796928:tid 796948] [remote 209.42.18.223:54344] ModSecurity: Access denied with code 409 (phase 1). RBL lookup of 223.18.42.209.testwprbl.websitewelcome.com succeeded at REMOTE_ADDR. [file "/opt/mod_security/hg_rules.conf"] [line "176"] [id "900407"] [msg "Wordpress and Joomla Brute RBL: testwprbl.websitewelcome.com"] [hostname "elevator-data.com"] [uri "/wp-login.php"] [unique_id "al4ORusTy9vX-htKvPn5bAACvBM"]
[Mon Jul 20 06:02:14.889907 2026] [security2:error] [pid 796928:tid 797115] [client 185.132.186.91:34147] ModSecurity: Access denied with code 409 (phase 1). RBL lookup of 91.186.132.185.vulnscan.websitewelcome.com succeeded at REMOTE_ADDR. [file "/opt/mod_security/hg_rules.conf"] [line "1566"] [id "900933"] [msg "Vulnerability Scan RBL: vulnscan.websitewelcome.com"] [hostname "harborhealth.us"] [uri "/wp-content/themes/twentytwentytwo/index.php"] [unique_id "al4ORusTy9vX-htKvPn5bwAAAtI"]
[Mon Jul 20 06:02:15.050207 2026] [security2:error] [pid 796928:tid 796949] [remote 209.42.18.223:54344] ModSecurity: Access denied with code 409 (phase 1). RBL lookup of 223.18.42.209.testwprbl.websitewelcome.com succeeded at REMOTE_ADDR. [file "/opt/mod_security/hg_rules.conf"] [line "176"] [id "900407"] [msg "Wordpress and Joomla Brute RBL: testwprbl.websitewelcome.com"] [hostname "elevator-data.com"] [uri "/wp-login.php"] [unique_id "al4OR-sTy9vX-htKvPn5dgAC6BQ"], referer: https://elevator-data.com/wp-login.php
[Mon Jul 20 06:02:15.283685 2026] [security2:error] [pid 796567:tid 796759] [client 14.225.17.146:49759] ModSecurity: Warning. Pattern match "301|404|302" at RESPONSE_STATUS. [file "/opt/mod_security/hg_rules.conf"] [line "1570"] [id "900934"] [msg "404 php LOGGING"] [data "301"] [hostname "fkconstructionfunding.com"] [uri "/index.php"] [unique_id "al4OR7LfyzVz2SrjZpiYDgAAAlI"], referer: http://fkconstructionfunding.com/wordpress
[Mon Jul 20 06:02:15.346683 2026] [security2:error] [pid 796928:tid 797136] [client 14.224.227.113:50714] ModSecurity: Access denied with code 406 (phase 2). String match "/wpad.dat" at REQUEST_URI. [file "/opt/mod_security/hg_rules.conf"] [line "1512"] [id "900416"] [msg "Web Proxy Auto-Detect file"] [hostname "wpad"] [uri "/wpad.dat"] [unique_id "al4OR-sTy9vX-htKvPn5fgAAAuc"]
[Mon Jul 20 06:02:15.372907 2026] [security2:error] [pid 796567:tid 796639] [remote 2607:fb92:d82:c071:6811:72b1:148d:8de3:0] ModSecurity: Access denied with code 406 (phase 2). Operator GT matched 0 at USER:bf_block. [file "/opt/mod_security/hg_rules.conf"] [line "1482"] [id "909121"] [msg "IP address blocked, too many xmlrpc.php failures"] [hostname "aleishapenny.ca"] [uri "/xmlrpc.php"] [unique_id "al4OR7LfyzVz2SrjZpiYGAACIUc"]
[Mon Jul 20 06:02:15.373121 2026] [security2:error] [pid 796567:tid 796710] [client 2607:fb92:d82:c071:6811:72b1:148d:8de3:0] ModSecurity: Warning. Pattern match "POST" at REQUEST_METHOD. [file "/opt/mod_security/hg_rules.conf"] [line "151"] [id "900405"] [msg "xmlrpc POST logging"] [data "406"] [hostname "aleishapenny.ca"] [uri "/xmlrpc.php"] [unique_id "al4OR7LfyzVz2SrjZpiYGAACIUc"]
[Mon Jul 20 06:02:15.394743 2026] [security2:error] [pid 796567:tid 796794] [client 14.224.227.113:50708] ModSecurity: Access denied with code 406 (phase 2). String match "/wpad.dat" at REQUEST_URI. [file "/opt/mod_security/hg_rules.conf"] [line "1512"] [id "900416"] [msg "Web Proxy Auto-Detect file"] [hostname "wpad"] [uri "/wpad.dat"] [unique_id "al4OR7LfyzVz2SrjZpiYGwAAAnU"]
[Mon Jul 20 06:02:15.395834 2026] [security2:error] [pid 796928:tid 797174] [client 14.224.227.113:50716] ModSecurity: Access denied with code 406 (phase 2). String match "/wpad.dat" at REQUEST_URI. [file "/opt/mod_security/hg_rules.conf"] [line "1512"] [id "900416"] [msg "Web Proxy Auto-Detect file"] [hostname "wpad"] [uri "/wpad.dat"] [unique_id "al4OR-sTy9vX-htKvPn5gQAAAw0"]
[Mon Jul 20 06:02:15.401004 2026] [security2:error] [pid 796928:tid 797144] [client 14.224.227.113:50723] ModSecurity: Access denied with code 406 (phase 2). String match "/wpad.dat" at REQUEST_URI. [file "/opt/mod_security/hg_rules.conf"] [line "1512"] [id "900416"] [msg "Web Proxy Auto-Detect file"] [hostname "wpad"] [uri "/wpad.dat"] [unique_id "al4OR-sTy9vX-htKvPn5ggAAAu8"]
[Mon Jul 20 06:02:15.563389 2026] [security2:error] [pid 796928:tid 797148] [client 14.251.3.155:50753] ModSecurity: Access denied with code 406 (phase 2). String match "/wpad.dat" at REQUEST_URI. [file "/opt/mod_security/hg_rules.conf"] [line "1512"] [id "900416"] [msg "Web Proxy Auto-Detect file"] [hostname "wpad"] [uri "/wpad.dat"] [unique_id "al4OR-sTy9vX-htKvPn5iQAAAvM"]
[Mon Jul 20 06:02:15.576898 2026] [security2:error] [pid 796928:tid 797058] [client 14.251.3.155:50755] ModSecurity: Access denied with code 406 (phase 2). String match "/wpad.dat" at REQUEST_URI. [file "/opt/mod_security/hg_rules.conf"] [line "1512"] [id "900416"] [msg "Web Proxy Auto-Detect file"] [hostname "wpad"] [uri "/wpad.dat"] [unique_id "al4OR-sTy9vX-htKvPn5igAAApk"]
[Mon Jul 20 06:02:15.586844 2026] [security2:error] [pid 796567:tid 796762] [client 14.251.3.155:50751] ModSecurity: Access denied with code 406 (phase 2). String match "/wpad.dat" at REQUEST_URI. [file "/opt/mod_security/hg_rules.conf"] [line "1512"] [id "900416"] [msg "Web Proxy Auto-Detect file"] [hostname "wpad"] [uri "/wpad.dat"] [unique_id "al4OR7LfyzVz2SrjZpiYJwAAAlU"]
[Mon Jul 20 06:02:15.599974 2026] [security2:error] [pid 796567:tid 796823] [client 14.251.3.155:50757] ModSecurity: Access denied with code 406 (phase 2). String match "/wpad.dat" at REQUEST_URI. [file "/opt/mod_security/hg_rules.conf"] [line "1512"] [id "900416"] [msg "Web Proxy Auto-Detect file"] [hostname "wpad"] [uri "/wpad.dat"] [unique_id "al4OR7LfyzVz2SrjZpiYKgAAApI"]
[Mon Jul 20 06:02:15.621780 2026] [security2:error] [pid 796928:tid 797163] [client 14.224.227.113:50752] ModSecurity: Access denied with code 406 (phase 2). String match "/wpad.dat" at REQUEST_URI. [file "/opt/mod_security/hg_rules.conf"] [line "1512"] [id "900416"] [msg "Web Proxy Auto-Detect file"] [hostname "wpad"] [uri "/wpad.dat"] [unique_id "al4OR-sTy9vX-htKvPn5jgAAAwI"]
